{"id":977,"date":"2025-09-05T21:45:32","date_gmt":"2025-09-05T20:45:32","guid":{"rendered":"https:\/\/espirita.store\/?post_type=product&#038;p=977"},"modified":"2025-09-10T21:34:21","modified_gmt":"2025-09-10T20:34:21","slug":"cosa-salvaje-reposado-tequila","status":"publish","type":"product","link":"https:\/\/espirita.store\/?product=cosa-salvaje-reposado-tequila","title":{"rendered":"Cosa Salvaje Reposado Tequila"},"content":{"rendered":"<p style=\"text-align: center\" data-start=\"306\" data-end=\"372\"><strong data-start=\"306\" data-end=\"325\">Pa\u00eds de origen:<\/strong> M\u00e9xico<\/p>\n<p style=\"text-align: center\" data-start=\"375\" data-end=\"505\"><strong data-start=\"375\" data-end=\"400\">Productos destacados:<\/strong> Tequila reposado artesanal, equilibrado entre lo agave y la madera, con un car\u00e1cter c\u00e1lido y elegante.<\/p>\n<p style=\"text-align: center\" data-start=\"508\" data-end=\"1081\"><br data-start=\"533\" data-end=\"536\" \/>Fundada por Elle France en 2015 en San Diego, esta marca colabora con la leyenda de la m\u00fasica country Tanya Tucker, fusionando tradici\u00f3n y estilo contempor\u00e1neo para ofrecer un tequila suave y refinadoSe a\u00f1eja entre 4 y 6 meses en barricas de roble americano, lo que le aporta aromas de <strong data-start=\"868\" data-end=\"921\">agave tostado y madera, con un sutil toque frutal<\/strong>. En boca resalta con sabor a <strong data-start=\"951\" data-end=\"969\">manzana y miel<\/strong>, acompa\u00f1ado de un delicado matiz a roble y un final <strong data-start=\"1022\" data-end=\"1040\">largo y c\u00e1lido<\/strong><\/p>\n<p style=\"text-align: center\" data-start=\"1085\" data-end=\"1101\"><strong data-start=\"1085\" data-end=\"1099\">Maridajes:<\/strong><\/p>\n<p style=\"text-align: center\" data-start=\"1106\" data-end=\"1168\">Excelente para beber solo o con hielo, ideal como digestivo.<\/p>\n<p style=\"text-align: center\" data-start=\"1173\" data-end=\"1281\">Recomendado en cocteler\u00eda premium, brindando sofisticaci\u00f3n en margaritas o combinados con c\u00edtricos suaves.<\/p>\n<p style=\"text-align: center\" data-start=\"1286\" data-end=\"1392\">Acompa\u00f1a bien platos ligeramente especiados, carnes ligeras, pollo asado, tacos gourmet y quesos suaves.<\/p>\n","protected":false},"excerpt":{"rendered":"<p>Pa\u00eds de origen: M\u00e9xico Productos destacados: Tequila reposado artesanal, equilibrado entre lo agave y la madera, con un car\u00e1cter c\u00e1lido y elegante. Fundada por Elle France en 2015 en San Diego, esta marca colabora con la leyenda de la m\u00fasica country Tanya Tucker, fusionando tradici\u00f3n y estilo contempor\u00e1neo para ofrecer un tequila suave y refinadoSe [&hellip;]<\/p>\n","protected":false},"featured_media":976,"comment_status":"open","ping_status":"closed","template":"","meta":[],"product_brand":[],"product_cat":[57],"product_tag":[],"class_list":{"0":"post-977","1":"product","2":"type-product","3":"status-publish","4":"has-post-thumbnail","6":"product_cat-tequila","8":"first","9":"instock","10":"shipping-taxable","11":"purchasable","12":"product-type-simple"},"_links":{"self":[{"href":"https:\/\/espirita.store\/index.php?rest_route=\/wp\/v2\/product\/977","targetHints":{"allow":["GET"]}}],"collection":[{"href":"https:\/\/espirita.store\/index.php?rest_route=\/wp\/v2\/product"}],"about":[{"href":"https:\/\/espirita.store\/index.php?rest_route=\/wp\/v2\/types\/product"}],"replies":[{"embeddable":true,"href":"https:\/\/espirita.store\/index.php?rest_route=%2Fwp%2Fv2%2Fcomments&post=977"}],"wp:featuredmedia":[{"embeddable":true,"href":"https:\/\/espirita.store\/index.php?rest_route=\/wp\/v2\/media\/976"}],"wp:attachment":[{"href":"https:\/\/espirita.store\/index.php?rest_route=%2Fwp%2Fv2%2Fmedia&parent=977"}],"wp:term":[{"taxonomy":"product_brand","embeddable":true,"href":"https:\/\/espirita.store\/index.php?rest_route=%2Fwp%2Fv2%2Fproduct_brand&post=977"},{"taxonomy":"product_cat","embeddable":true,"href":"https:\/\/espirita.store\/index.php?rest_route=%2Fwp%2Fv2%2Fproduct_cat&post=977"},{"taxonomy":"product_tag","embeddable":true,"href":"https:\/\/espirita.store\/index.php?rest_route=%2Fwp%2Fv2%2Fproduct_tag&post=977"}],"curies":[{"name":"wp","href":"https:\/\/api.w.org\/{rel}","templated":true}]}}