{"id":875,"date":"2025-09-04T06:52:50","date_gmt":"2025-09-04T05:52:50","guid":{"rendered":"https:\/\/espirita.store\/?post_type=product&#038;p=875"},"modified":"2025-09-10T21:33:19","modified_gmt":"2025-09-10T20:33:19","slug":"il-duca-imperiale-revved-up-red","status":"publish","type":"product","link":"https:\/\/espirita.store\/?product=il-duca-imperiale-revved-up-red","title":{"rendered":"Il Duca Imperiale Revved Up Red"},"content":{"rendered":"<p style=\"text-align: center\" data-start=\"2768\" data-end=\"2790\">750 ml<\/p>\n<p style=\"text-align: center\" data-start=\"2768\" data-end=\"2790\">\u00a0Vino tinto espumoso, dulce, vibrante.<\/p>\n<p style=\"text-align: center\" data-start=\"2861\" data-end=\"3025\">Variante del cl\u00e1sico Il Duca, con un perfil a\u00fan m\u00e1s afrutado y burbujeante. Presenta sabores a cereza, moras y un final jugoso y fresco.<\/p>\n<p style=\"text-align: center\" data-start=\"3028\" data-end=\"3132\"><strong data-start=\"3028\" data-end=\"3042\">Maridajes:<\/strong> Perfecto con parrilladas, quesos curados, pizzas especiadas y postres con frutos rojos.<\/p>\n","protected":false},"excerpt":{"rendered":"<p>750 ml \u00a0Vino tinto espumoso, dulce, vibrante. Variante del cl\u00e1sico Il Duca, con un perfil a\u00fan m\u00e1s afrutado y burbujeante. Presenta sabores a cereza, moras y un final jugoso y fresco. Maridajes: Perfecto con parrilladas, quesos curados, pizzas especiadas y postres con frutos rojos.<\/p>\n","protected":false},"featured_media":876,"comment_status":"open","ping_status":"closed","template":"","meta":[],"product_brand":[],"product_cat":[31],"product_tag":[],"class_list":{"0":"post-875","1":"product","2":"type-product","3":"status-publish","4":"has-post-thumbnail","6":"product_cat-vino-tinto","8":"first","9":"instock","10":"shipping-taxable","11":"purchasable","12":"product-type-simple"},"_links":{"self":[{"href":"https:\/\/espirita.store\/index.php?rest_route=\/wp\/v2\/product\/875","targetHints":{"allow":["GET"]}}],"collection":[{"href":"https:\/\/espirita.store\/index.php?rest_route=\/wp\/v2\/product"}],"about":[{"href":"https:\/\/espirita.store\/index.php?rest_route=\/wp\/v2\/types\/product"}],"replies":[{"embeddable":true,"href":"https:\/\/espirita.store\/index.php?rest_route=%2Fwp%2Fv2%2Fcomments&post=875"}],"wp:featuredmedia":[{"embeddable":true,"href":"https:\/\/espirita.store\/index.php?rest_route=\/wp\/v2\/media\/876"}],"wp:attachment":[{"href":"https:\/\/espirita.store\/index.php?rest_route=%2Fwp%2Fv2%2Fmedia&parent=875"}],"wp:term":[{"taxonomy":"product_brand","embeddable":true,"href":"https:\/\/espirita.store\/index.php?rest_route=%2Fwp%2Fv2%2Fproduct_brand&post=875"},{"taxonomy":"product_cat","embeddable":true,"href":"https:\/\/espirita.store\/index.php?rest_route=%2Fwp%2Fv2%2Fproduct_cat&post=875"},{"taxonomy":"product_tag","embeddable":true,"href":"https:\/\/espirita.store\/index.php?rest_route=%2Fwp%2Fv2%2Fproduct_tag&post=875"}],"curies":[{"name":"wp","href":"https:\/\/api.w.org\/{rel}","templated":true}]}}