{"id":859,"date":"2025-09-04T06:33:58","date_gmt":"2025-09-04T05:33:58","guid":{"rendered":"https:\/\/espirita.store\/?post_type=product&#038;p=859"},"modified":"2025-09-10T21:52:24","modified_gmt":"2025-09-10T20:52:24","slug":"roscato-rosso-dolce-sweet-red-2","status":"publish","type":"product","link":"https:\/\/espirita.store\/?product=roscato-rosso-dolce-sweet-red-2","title":{"rendered":"Roscato Rosso Dolce Sweet Red"},"content":{"rendered":"<p style=\"text-align: center\" data-start=\"1576\" data-end=\"1598\">250 ml<\/p>\n<p style=\"text-align: center\" data-start=\"1601\" data-end=\"1665\">Tinto semidulce, pr\u00e1ctico, vers\u00e1til.<\/p>\n<p style=\"text-align: center\" data-start=\"1668\" data-end=\"1855\">La versi\u00f3n en lata del reconocido Rosso Dolce italiano. Conserva su sabor afrutado con notas de frutos rojos y especias suaves, en un formato c\u00f3modo y moderno.<\/p>\n<p style=\"text-align: center\" data-start=\"1858\" data-end=\"1994\"><strong data-start=\"1858\" data-end=\"1872\">Maridajes:<\/strong> Ideal con platos italianos (lasa\u00f1a, pizza, pasta bolo\u00f1esa), carnes blancas, quesos semi-curados y postres de chocolate.<\/p>\n","protected":false},"excerpt":{"rendered":"<p>250 ml Tinto semidulce, pr\u00e1ctico, vers\u00e1til. La versi\u00f3n en lata del reconocido Rosso Dolce italiano. Conserva su sabor afrutado con notas de frutos rojos y especias suaves, en un formato c\u00f3modo y moderno. Maridajes: Ideal con platos italianos (lasa\u00f1a, pizza, pasta bolo\u00f1esa), carnes blancas, quesos semi-curados y postres de chocolate.<\/p>\n","protected":false},"featured_media":994,"comment_status":"open","ping_status":"closed","template":"","meta":[],"product_brand":[],"product_cat":[31],"product_tag":[],"class_list":{"0":"post-859","1":"product","2":"type-product","3":"status-publish","4":"has-post-thumbnail","6":"product_cat-vino-tinto","8":"first","9":"instock","10":"shipping-taxable","11":"purchasable","12":"product-type-simple"},"_links":{"self":[{"href":"https:\/\/espirita.store\/index.php?rest_route=\/wp\/v2\/product\/859","targetHints":{"allow":["GET"]}}],"collection":[{"href":"https:\/\/espirita.store\/index.php?rest_route=\/wp\/v2\/product"}],"about":[{"href":"https:\/\/espirita.store\/index.php?rest_route=\/wp\/v2\/types\/product"}],"replies":[{"embeddable":true,"href":"https:\/\/espirita.store\/index.php?rest_route=%2Fwp%2Fv2%2Fcomments&post=859"}],"wp:featuredmedia":[{"embeddable":true,"href":"https:\/\/espirita.store\/index.php?rest_route=\/wp\/v2\/media\/994"}],"wp:attachment":[{"href":"https:\/\/espirita.store\/index.php?rest_route=%2Fwp%2Fv2%2Fmedia&parent=859"}],"wp:term":[{"taxonomy":"product_brand","embeddable":true,"href":"https:\/\/espirita.store\/index.php?rest_route=%2Fwp%2Fv2%2Fproduct_brand&post=859"},{"taxonomy":"product_cat","embeddable":true,"href":"https:\/\/espirita.store\/index.php?rest_route=%2Fwp%2Fv2%2Fproduct_cat&post=859"},{"taxonomy":"product_tag","embeddable":true,"href":"https:\/\/espirita.store\/index.php?rest_route=%2Fwp%2Fv2%2Fproduct_tag&post=859"}],"curies":[{"name":"wp","href":"https:\/\/api.w.org\/{rel}","templated":true}]}}