{"id":857,"date":"2025-09-04T06:30:56","date_gmt":"2025-09-04T05:30:56","guid":{"rendered":"https:\/\/espirita.store\/?post_type=product&#038;p=857"},"modified":"2025-09-10T21:33:33","modified_gmt":"2025-09-10T20:33:33","slug":"roscato-rosso-dolce-sweet-red","status":"publish","type":"product","link":"https:\/\/espirita.store\/?product=roscato-rosso-dolce-sweet-red","title":{"rendered":"Roscato Rosso Dolce Sweet Red"},"content":{"rendered":"<p style=\"text-align: center\" data-start=\"1106\" data-end=\"1140\">187 ml (botellita)<\/p>\n<p style=\"text-align: center\" data-start=\"1106\" data-end=\"1140\">Tinto semidulce, frutal, elegante.<\/p>\n<p style=\"text-align: center\" data-start=\"1208\" data-end=\"1417\">Mini presentaci\u00f3n del cl\u00e1sico Roscato Rosso Dolce, con intensos aromas a cereza madura, ciruela y toques de especias dulces. Suave en boca y f\u00e1cil de disfrutar en cualquier momento.<\/p>\n<p style=\"text-align: center\" data-start=\"1420\" data-end=\"1517\"><strong data-start=\"1420\" data-end=\"1434\">Maridajes:<\/strong> Carnes ligeras, embutidos, pizzas, pastas con salsa roja, postres con chocolate.<\/p>\n","protected":false},"excerpt":{"rendered":"<p>187 ml (botellita) Tinto semidulce, frutal, elegante. Mini presentaci\u00f3n del cl\u00e1sico Roscato Rosso Dolce, con intensos aromas a cereza madura, ciruela y toques de especias dulces. Suave en boca y f\u00e1cil de disfrutar en cualquier momento. Maridajes: Carnes ligeras, embutidos, pizzas, pastas con salsa roja, postres con chocolate.<\/p>\n","protected":false},"featured_media":858,"comment_status":"open","ping_status":"closed","template":"","meta":[],"product_brand":[],"product_cat":[31],"product_tag":[],"class_list":{"0":"post-857","1":"product","2":"type-product","3":"status-publish","4":"has-post-thumbnail","6":"product_cat-vino-tinto","8":"first","9":"instock","10":"shipping-taxable","11":"purchasable","12":"product-type-simple"},"_links":{"self":[{"href":"https:\/\/espirita.store\/index.php?rest_route=\/wp\/v2\/product\/857","targetHints":{"allow":["GET"]}}],"collection":[{"href":"https:\/\/espirita.store\/index.php?rest_route=\/wp\/v2\/product"}],"about":[{"href":"https:\/\/espirita.store\/index.php?rest_route=\/wp\/v2\/types\/product"}],"replies":[{"embeddable":true,"href":"https:\/\/espirita.store\/index.php?rest_route=%2Fwp%2Fv2%2Fcomments&post=857"}],"wp:featuredmedia":[{"embeddable":true,"href":"https:\/\/espirita.store\/index.php?rest_route=\/wp\/v2\/media\/858"}],"wp:attachment":[{"href":"https:\/\/espirita.store\/index.php?rest_route=%2Fwp%2Fv2%2Fmedia&parent=857"}],"wp:term":[{"taxonomy":"product_brand","embeddable":true,"href":"https:\/\/espirita.store\/index.php?rest_route=%2Fwp%2Fv2%2Fproduct_brand&post=857"},{"taxonomy":"product_cat","embeddable":true,"href":"https:\/\/espirita.store\/index.php?rest_route=%2Fwp%2Fv2%2Fproduct_cat&post=857"},{"taxonomy":"product_tag","embeddable":true,"href":"https:\/\/espirita.store\/index.php?rest_route=%2Fwp%2Fv2%2Fproduct_tag&post=857"}],"curies":[{"name":"wp","href":"https:\/\/api.w.org\/{rel}","templated":true}]}}