{"id":638,"date":"2025-08-11T20:55:33","date_gmt":"2025-08-11T19:55:33","guid":{"rendered":"https:\/\/espirita.store\/?post_type=product&#038;p=638"},"modified":"2025-09-04T21:27:52","modified_gmt":"2025-09-04T20:27:52","slug":"la-vostra-prosecco","status":"publish","type":"product","link":"https:\/\/espirita.store\/?product=la-vostra-prosecco","title":{"rendered":"La Vostra Prosecco"},"content":{"rendered":"<p style=\"text-align: center\">La Vostra Prosecco te ofrece una experiencia ligera y refrescante, ideal para celebraciones casuales o como acompa\u00f1ante de aperitivos suaves. Su perfil frutal y textura amable la hacen una opci\u00f3n muy accesible.<\/p>\n<p style=\"text-align: center\" data-start=\"293\" data-end=\"355\"><strong data-start=\"293\" data-end=\"309\">Tipo de vino<\/strong>: Prosecco espumoso (Posiblemente estilo Brut)<\/p>\n<p style=\"text-align: center\" data-start=\"358\" data-end=\"394\"><strong data-start=\"358\" data-end=\"378\">Regi\u00f3n de origen<\/strong>: Veneto, Italia<\/p>\n<p style=\"text-align: center\" data-start=\"397\" data-end=\"465\"><strong data-start=\"397\" data-end=\"411\">Apariencia<\/strong>: Limpio, de color amarillo paja con reflejos verdosos<\/p>\n<p style=\"text-align: center\" data-start=\"468\" data-end=\"550\"><strong data-start=\"468\" data-end=\"478\">Aromas<\/strong>: Durazno y miel, junto con notas de manzana verde que aportan frescura<\/p>\n<p style=\"text-align: center\" data-start=\"553\" data-end=\"708\"><strong data-start=\"553\" data-end=\"581\">Sabor \/ Perfil gustativo<\/strong>: Textura burbujeante suave y accesible, con sabores de durazno blanco y manzana verde, de estructura equilibrada y redondeada<\/p>\n<p style=\"text-align: center\" data-start=\"711\" data-end=\"839\"><strong data-start=\"711\" data-end=\"725\">Puntuaci\u00f3n<\/strong>: Apreciado con una calificaci\u00f3n de <strong data-start=\"761\" data-end=\"774\">90 puntos<\/strong> por Beverage Dynamics (aproximadamente, seg\u00fan la fuente visual)<\/p>\n<p style=\"text-align: center\" data-start=\"842\" data-end=\"861\"><strong data-start=\"842\" data-end=\"853\">Volumen<\/strong>: 750 ml<\/p>\n","protected":false},"excerpt":{"rendered":"<p>La Vostra Prosecco te ofrece una experiencia ligera y refrescante, ideal para celebraciones casuales o como acompa\u00f1ante de aperitivos suaves. Su perfil frutal y textura amable la hacen una opci\u00f3n muy accesible. Tipo de vino: Prosecco espumoso (Posiblemente estilo Brut) Regi\u00f3n de origen: Veneto, Italia Apariencia: Limpio, de color amarillo paja con reflejos verdosos Aromas: [&hellip;]<\/p>\n","protected":false},"featured_media":907,"comment_status":"open","ping_status":"closed","template":"","meta":[],"product_brand":[],"product_cat":[32],"product_tag":[],"class_list":{"0":"post-638","1":"product","2":"type-product","3":"status-publish","4":"has-post-thumbnail","6":"product_cat-espumoso","8":"first","9":"instock","10":"shipping-taxable","11":"purchasable","12":"product-type-simple"},"_links":{"self":[{"href":"https:\/\/espirita.store\/index.php?rest_route=\/wp\/v2\/product\/638","targetHints":{"allow":["GET"]}}],"collection":[{"href":"https:\/\/espirita.store\/index.php?rest_route=\/wp\/v2\/product"}],"about":[{"href":"https:\/\/espirita.store\/index.php?rest_route=\/wp\/v2\/types\/product"}],"replies":[{"embeddable":true,"href":"https:\/\/espirita.store\/index.php?rest_route=%2Fwp%2Fv2%2Fcomments&post=638"}],"wp:featuredmedia":[{"embeddable":true,"href":"https:\/\/espirita.store\/index.php?rest_route=\/wp\/v2\/media\/907"}],"wp:attachment":[{"href":"https:\/\/espirita.store\/index.php?rest_route=%2Fwp%2Fv2%2Fmedia&parent=638"}],"wp:term":[{"taxonomy":"product_brand","embeddable":true,"href":"https:\/\/espirita.store\/index.php?rest_route=%2Fwp%2Fv2%2Fproduct_brand&post=638"},{"taxonomy":"product_cat","embeddable":true,"href":"https:\/\/espirita.store\/index.php?rest_route=%2Fwp%2Fv2%2Fproduct_cat&post=638"},{"taxonomy":"product_tag","embeddable":true,"href":"https:\/\/espirita.store\/index.php?rest_route=%2Fwp%2Fv2%2Fproduct_tag&post=638"}],"curies":[{"name":"wp","href":"https:\/\/api.w.org\/{rel}","templated":true}]}}