{"id":612,"date":"2025-08-04T23:53:54","date_gmt":"2025-08-04T22:53:54","guid":{"rendered":"https:\/\/espirita.store\/?post_type=product&#038;p=612"},"modified":"2025-09-05T21:54:35","modified_gmt":"2025-09-05T20:54:35","slug":"francis-coppola-chardonnay-2022","status":"publish","type":"product","link":"https:\/\/espirita.store\/?product=francis-coppola-chardonnay-2022","title":{"rendered":"Francis Coppola Chardonnay 2022"},"content":{"rendered":"<p style=\"text-align: center\" data-start=\"2068\" data-end=\"2141\">Vino blanco fresco y equilibrado, con notas frutales y un toque de roble.<\/p>\n<p style=\"text-align: center\" data-start=\"2143\" data-end=\"2381\"><strong data-start=\"2143\" data-end=\"2152\">Pa\u00eds:<\/strong> Estados Unidos<br data-start=\"2167\" data-end=\"2170\" \/><strong data-start=\"2170\" data-end=\"2181\">Regi\u00f3n:<\/strong> California<br data-start=\"2192\" data-end=\"2195\" \/><strong data-start=\"2195\" data-end=\"2206\">Bodega:<\/strong> Francis Ford Coppola Winery<br data-start=\"2234\" data-end=\"2237\" \/><strong data-start=\"2237\" data-end=\"2246\">Tipo:<\/strong> Vino blanco (Chardonnay)<br data-start=\"2271\" data-end=\"2274\" \/><strong data-start=\"2274\" data-end=\"2284\">Sabor:<\/strong> Manzana, pera, mantequilla, vainilla y un toque c\u00edtrico<br data-start=\"2340\" data-end=\"2343\" \/><strong data-start=\"2343\" data-end=\"2369\">Graduaci\u00f3n alcoh\u00f3lica:<\/strong> 13.5% ABV<\/p>\n<p style=\"text-align: center\" data-start=\"2383\" data-end=\"2458\"><strong data-start=\"2383\" data-end=\"2397\">Maridajes:<\/strong><br data-start=\"2397\" data-end=\"2400\" \/>Pollo, mariscos, pasta con salsas cremosas, quesos suaves.<\/p>\n","protected":false},"excerpt":{"rendered":"<p>Vino blanco fresco y equilibrado, con notas frutales y un toque de roble. Pa\u00eds: Estados UnidosRegi\u00f3n: CaliforniaBodega: Francis Ford Coppola WineryTipo: Vino blanco (Chardonnay)Sabor: Manzana, pera, mantequilla, vainilla y un toque c\u00edtricoGraduaci\u00f3n alcoh\u00f3lica: 13.5% ABV Maridajes:Pollo, mariscos, pasta con salsas cremosas, quesos suaves.<\/p>\n","protected":false},"featured_media":986,"comment_status":"open","ping_status":"closed","template":"","meta":[],"product_brand":[],"product_cat":[30],"product_tag":[],"class_list":{"0":"post-612","1":"product","2":"type-product","3":"status-publish","4":"has-post-thumbnail","6":"product_cat-vino-blanco","8":"first","9":"instock","10":"shipping-taxable","11":"purchasable","12":"product-type-simple"},"_links":{"self":[{"href":"https:\/\/espirita.store\/index.php?rest_route=\/wp\/v2\/product\/612","targetHints":{"allow":["GET"]}}],"collection":[{"href":"https:\/\/espirita.store\/index.php?rest_route=\/wp\/v2\/product"}],"about":[{"href":"https:\/\/espirita.store\/index.php?rest_route=\/wp\/v2\/types\/product"}],"replies":[{"embeddable":true,"href":"https:\/\/espirita.store\/index.php?rest_route=%2Fwp%2Fv2%2Fcomments&post=612"}],"wp:featuredmedia":[{"embeddable":true,"href":"https:\/\/espirita.store\/index.php?rest_route=\/wp\/v2\/media\/986"}],"wp:attachment":[{"href":"https:\/\/espirita.store\/index.php?rest_route=%2Fwp%2Fv2%2Fmedia&parent=612"}],"wp:term":[{"taxonomy":"product_brand","embeddable":true,"href":"https:\/\/espirita.store\/index.php?rest_route=%2Fwp%2Fv2%2Fproduct_brand&post=612"},{"taxonomy":"product_cat","embeddable":true,"href":"https:\/\/espirita.store\/index.php?rest_route=%2Fwp%2Fv2%2Fproduct_cat&post=612"},{"taxonomy":"product_tag","embeddable":true,"href":"https:\/\/espirita.store\/index.php?rest_route=%2Fwp%2Fv2%2Fproduct_tag&post=612"}],"curies":[{"name":"wp","href":"https:\/\/api.w.org\/{rel}","templated":true}]}}