{"id":608,"date":"2025-08-04T23:48:45","date_gmt":"2025-08-04T22:48:45","guid":{"rendered":"https:\/\/espirita.store\/?post_type=product&#038;p=608"},"modified":"2025-08-12T22:53:09","modified_gmt":"2025-08-12T21:53:09","slug":"sho-chiku-bai-classic-junmai-sake-naturally-brewed","status":"publish","type":"product","link":"https:\/\/espirita.store\/?product=sho-chiku-bai-classic-junmai-sake-naturally-brewed","title":{"rendered":"Sho Chiku Bai Classic Junmai Sake Naturally Brewed"},"content":{"rendered":"<p style=\"text-align: center\" data-start=\"1136\" data-end=\"1234\">Sake japon\u00e9s tradicional tipo Junmai, elaborado sin aditivos, con sabor balanceado y cuerpo medio.<\/p>\n<p style=\"text-align: center\" data-start=\"1236\" data-end=\"1406\"><strong data-start=\"1236\" data-end=\"1245\">Pa\u00eds:<\/strong> Jap\u00f3n<br data-start=\"1251\" data-end=\"1254\" \/><strong data-start=\"1254\" data-end=\"1265\">Bodega:<\/strong> Takara Sake USA<br data-start=\"1281\" data-end=\"1284\" \/><strong data-start=\"1284\" data-end=\"1293\">Tipo:<\/strong> Sake Junmai<br data-start=\"1305\" data-end=\"1308\" \/><strong data-start=\"1308\" data-end=\"1318\">Sabor:<\/strong> Umami, arroz fermentado, toque dulce y fresco<br data-start=\"1364\" data-end=\"1367\" \/><strong data-start=\"1367\" data-end=\"1393\">Graduaci\u00f3n alcoh\u00f3lica:<\/strong> 14-15% ABV<\/p>\n<p style=\"text-align: center\" data-start=\"1408\" data-end=\"1486\"><strong data-start=\"1408\" data-end=\"1422\">Maridajes:<\/strong><br data-start=\"1422\" data-end=\"1425\" \/>Sushi, sashimi, tempura, platos ligeros japoneses y mariscos.<\/p>\n","protected":false},"excerpt":{"rendered":"<p>Sake japon\u00e9s tradicional tipo Junmai, elaborado sin aditivos, con sabor balanceado y cuerpo medio. Pa\u00eds: Jap\u00f3nBodega: Takara Sake USATipo: Sake JunmaiSabor: Umami, arroz fermentado, toque dulce y frescoGraduaci\u00f3n alcoh\u00f3lica: 14-15% ABV Maridajes:Sushi, sashimi, tempura, platos ligeros japoneses y mariscos.<\/p>\n","protected":false},"featured_media":661,"comment_status":"open","ping_status":"closed","template":"","meta":[],"product_brand":[],"product_cat":[69],"product_tag":[],"class_list":{"0":"post-608","1":"product","2":"type-product","3":"status-publish","4":"has-post-thumbnail","6":"product_cat-sake","8":"first","9":"instock","10":"shipping-taxable","11":"purchasable","12":"product-type-simple"},"_links":{"self":[{"href":"https:\/\/espirita.store\/index.php?rest_route=\/wp\/v2\/product\/608","targetHints":{"allow":["GET"]}}],"collection":[{"href":"https:\/\/espirita.store\/index.php?rest_route=\/wp\/v2\/product"}],"about":[{"href":"https:\/\/espirita.store\/index.php?rest_route=\/wp\/v2\/types\/product"}],"replies":[{"embeddable":true,"href":"https:\/\/espirita.store\/index.php?rest_route=%2Fwp%2Fv2%2Fcomments&post=608"}],"wp:featuredmedia":[{"embeddable":true,"href":"https:\/\/espirita.store\/index.php?rest_route=\/wp\/v2\/media\/661"}],"wp:attachment":[{"href":"https:\/\/espirita.store\/index.php?rest_route=%2Fwp%2Fv2%2Fmedia&parent=608"}],"wp:term":[{"taxonomy":"product_brand","embeddable":true,"href":"https:\/\/espirita.store\/index.php?rest_route=%2Fwp%2Fv2%2Fproduct_brand&post=608"},{"taxonomy":"product_cat","embeddable":true,"href":"https:\/\/espirita.store\/index.php?rest_route=%2Fwp%2Fv2%2Fproduct_cat&post=608"},{"taxonomy":"product_tag","embeddable":true,"href":"https:\/\/espirita.store\/index.php?rest_route=%2Fwp%2Fv2%2Fproduct_tag&post=608"}],"curies":[{"name":"wp","href":"https:\/\/api.w.org\/{rel}","templated":true}]}}