{"id":598,"date":"2025-08-04T23:40:45","date_gmt":"2025-08-04T22:40:45","guid":{"rendered":"https:\/\/espirita.store\/?post_type=product&#038;p=598"},"modified":"2025-08-29T21:18:50","modified_gmt":"2025-08-29T20:18:50","slug":"guinness-draught-stout","status":"publish","type":"product","link":"https:\/\/espirita.store\/?product=guinness-draught-stout","title":{"rendered":"Guinness Draught Stout"},"content":{"rendered":"<p style=\"text-align: center\" data-start=\"3612\" data-end=\"3739\">Cerveza stout irlandesa ic\u00f3nica, cremosa y suave, con notas de caf\u00e9 y chocolate, baja carbonataci\u00f3n y final ligeramente amargo.<\/p>\n<p style=\"text-align: center\" data-start=\"3741\" data-end=\"3923\"><strong data-start=\"3741\" data-end=\"3750\">Pa\u00eds:<\/strong> Irlanda<br data-start=\"3758\" data-end=\"3761\" \/><strong data-start=\"3761\" data-end=\"3776\">Cervecer\u00eda:<\/strong> Guinness Ltd.<br data-start=\"3790\" data-end=\"3793\" \/><strong data-start=\"3793\" data-end=\"3802\">Tipo:<\/strong> Dry Stout<br data-start=\"3812\" data-end=\"3815\" \/><strong data-start=\"3815\" data-end=\"3825\">Sabor:<\/strong> Caf\u00e9, chocolate oscuro, maltas tostadas, amargor moderado<br data-start=\"3883\" data-end=\"3886\" \/><strong data-start=\"3886\" data-end=\"3912\">Graduaci\u00f3n alcoh\u00f3lica:<\/strong> 4.2% ABV<\/p>\n<p style=\"text-align: center\" data-start=\"3925\" data-end=\"4032\"><strong data-start=\"3925\" data-end=\"3939\">Maridajes:<\/strong><br data-start=\"3939\" data-end=\"3942\" \/>Pescados grasos, mariscos, carnes estofadas, quesos fuertes y postres a base de chocolate.<\/p>\n","protected":false},"excerpt":{"rendered":"<p>Cerveza stout irlandesa ic\u00f3nica, cremosa y suave, con notas de caf\u00e9 y chocolate, baja carbonataci\u00f3n y final ligeramente amargo. Pa\u00eds: IrlandaCervecer\u00eda: Guinness Ltd.Tipo: Dry StoutSabor: Caf\u00e9, chocolate oscuro, maltas tostadas, amargor moderadoGraduaci\u00f3n alcoh\u00f3lica: 4.2% ABV Maridajes:Pescados grasos, mariscos, carnes estofadas, quesos fuertes y postres a base de chocolate.<\/p>\n","protected":false},"featured_media":666,"comment_status":"open","ping_status":"closed","template":"","meta":[],"product_brand":[],"product_cat":[73],"product_tag":[],"class_list":{"0":"post-598","1":"product","2":"type-product","3":"status-publish","4":"has-post-thumbnail","6":"product_cat-cerveza-irlandesa","8":"first","9":"instock","10":"shipping-taxable","11":"purchasable","12":"product-type-simple"},"_links":{"self":[{"href":"https:\/\/espirita.store\/index.php?rest_route=\/wp\/v2\/product\/598","targetHints":{"allow":["GET"]}}],"collection":[{"href":"https:\/\/espirita.store\/index.php?rest_route=\/wp\/v2\/product"}],"about":[{"href":"https:\/\/espirita.store\/index.php?rest_route=\/wp\/v2\/types\/product"}],"replies":[{"embeddable":true,"href":"https:\/\/espirita.store\/index.php?rest_route=%2Fwp%2Fv2%2Fcomments&post=598"}],"wp:featuredmedia":[{"embeddable":true,"href":"https:\/\/espirita.store\/index.php?rest_route=\/wp\/v2\/media\/666"}],"wp:attachment":[{"href":"https:\/\/espirita.store\/index.php?rest_route=%2Fwp%2Fv2%2Fmedia&parent=598"}],"wp:term":[{"taxonomy":"product_brand","embeddable":true,"href":"https:\/\/espirita.store\/index.php?rest_route=%2Fwp%2Fv2%2Fproduct_brand&post=598"},{"taxonomy":"product_cat","embeddable":true,"href":"https:\/\/espirita.store\/index.php?rest_route=%2Fwp%2Fv2%2Fproduct_cat&post=598"},{"taxonomy":"product_tag","embeddable":true,"href":"https:\/\/espirita.store\/index.php?rest_route=%2Fwp%2Fv2%2Fproduct_tag&post=598"}],"curies":[{"name":"wp","href":"https:\/\/api.w.org\/{rel}","templated":true}]}}