{"id":596,"date":"2025-08-04T23:39:42","date_gmt":"2025-08-04T22:39:42","guid":{"rendered":"https:\/\/espirita.store\/?post_type=product&#038;p=596"},"modified":"2025-09-04T21:37:13","modified_gmt":"2025-09-04T20:37:13","slug":"roscato-blueberry-semi-dulce","status":"publish","type":"product","link":"https:\/\/espirita.store\/?product=roscato-blueberry-semi-dulce","title":{"rendered":"Roscato Blueberry Semi Dulce"},"content":{"rendered":"<p style=\"text-align: center\" data-start=\"3157\" data-end=\"3261\">Vino tinto semidulce italiano con sabor a ar\u00e1ndanos y frutas rojas, de baja graduaci\u00f3n y f\u00e1cil de beber.<\/p>\n<p style=\"text-align: center\" data-start=\"3263\" data-end=\"3454\"><strong data-start=\"3263\" data-end=\"3272\">Pa\u00eds:<\/strong> Italia<br data-start=\"3279\" data-end=\"3282\" \/><strong data-start=\"3282\" data-end=\"3293\">Regi\u00f3n:<\/strong> Piamonte<br data-start=\"3302\" data-end=\"3305\" \/><strong data-start=\"3305\" data-end=\"3316\">Bodega:<\/strong> Roscato<br data-start=\"3324\" data-end=\"3327\" \/><strong data-start=\"3327\" data-end=\"3336\">Tipo:<\/strong> Vino tinto semi-dulce<br data-start=\"3358\" data-end=\"3361\" \/><strong data-start=\"3361\" data-end=\"3371\">Sabor:<\/strong> Ar\u00e1ndanos, frutas rojas, dulce equilibrado<br data-start=\"3414\" data-end=\"3417\" \/><strong data-start=\"3417\" data-end=\"3443\">Graduaci\u00f3n alcoh\u00f3lica:<\/strong> 8.5% ABV<\/p>\n<p style=\"text-align: center\" data-start=\"3456\" data-end=\"3547\"><strong data-start=\"3456\" data-end=\"3470\">Maridajes:<\/strong><br data-start=\"3470\" data-end=\"3473\" \/>Postres frutales, quesos suaves, tartas, ideal para consumo fr\u00edo y casual.<\/p>\n","protected":false},"excerpt":{"rendered":"<p>Vino tinto semidulce italiano con sabor a ar\u00e1ndanos y frutas rojas, de baja graduaci\u00f3n y f\u00e1cil de beber. Pa\u00eds: ItaliaRegi\u00f3n: PiamonteBodega: RoscatoTipo: Vino tinto semi-dulceSabor: Ar\u00e1ndanos, frutas rojas, dulce equilibradoGraduaci\u00f3n alcoh\u00f3lica: 8.5% ABV Maridajes:Postres frutales, quesos suaves, tartas, ideal para consumo fr\u00edo y casual.<\/p>\n","protected":false},"featured_media":918,"comment_status":"open","ping_status":"closed","template":"","meta":[],"product_brand":[],"product_cat":[31],"product_tag":[],"class_list":{"0":"post-596","1":"product","2":"type-product","3":"status-publish","4":"has-post-thumbnail","6":"product_cat-vino-tinto","8":"first","9":"instock","10":"shipping-taxable","11":"purchasable","12":"product-type-simple"},"_links":{"self":[{"href":"https:\/\/espirita.store\/index.php?rest_route=\/wp\/v2\/product\/596","targetHints":{"allow":["GET"]}}],"collection":[{"href":"https:\/\/espirita.store\/index.php?rest_route=\/wp\/v2\/product"}],"about":[{"href":"https:\/\/espirita.store\/index.php?rest_route=\/wp\/v2\/types\/product"}],"replies":[{"embeddable":true,"href":"https:\/\/espirita.store\/index.php?rest_route=%2Fwp%2Fv2%2Fcomments&post=596"}],"wp:featuredmedia":[{"embeddable":true,"href":"https:\/\/espirita.store\/index.php?rest_route=\/wp\/v2\/media\/918"}],"wp:attachment":[{"href":"https:\/\/espirita.store\/index.php?rest_route=%2Fwp%2Fv2%2Fmedia&parent=596"}],"wp:term":[{"taxonomy":"product_brand","embeddable":true,"href":"https:\/\/espirita.store\/index.php?rest_route=%2Fwp%2Fv2%2Fproduct_brand&post=596"},{"taxonomy":"product_cat","embeddable":true,"href":"https:\/\/espirita.store\/index.php?rest_route=%2Fwp%2Fv2%2Fproduct_cat&post=596"},{"taxonomy":"product_tag","embeddable":true,"href":"https:\/\/espirita.store\/index.php?rest_route=%2Fwp%2Fv2%2Fproduct_tag&post=596"}],"curies":[{"name":"wp","href":"https:\/\/api.w.org\/{rel}","templated":true}]}}