{"id":560,"date":"2025-08-04T22:23:26","date_gmt":"2025-08-04T21:23:26","guid":{"rendered":"https:\/\/espirita.store\/?post_type=product&#038;p=560"},"modified":"2025-08-29T21:20:26","modified_gmt":"2025-08-29T20:20:26","slug":"conundrum-white-blend-2022","status":"publish","type":"product","link":"https:\/\/espirita.store\/?product=conundrum-white-blend-2022","title":{"rendered":"Conundrum\u00ae White Blend 2022"},"content":{"rendered":"<p style=\"text-align: center\" data-start=\"119\" data-end=\"492\">Vino blanco emblem\u00e1tico de California creado por la familia Wagner (creadores de Caymus). Este blend es conocido por su car\u00e1cter arom\u00e1tico, textura sedosa y equilibrio entre dulzura y acidez. Se elabora con una mezcla secreta de uvas blancas \u2014incluyendo Chardonnay, Sauvignon Blanc, Muscat Canelli, Viognier y Semillon\u2014 para lograr una expresi\u00f3n \u00fanica, vibrante y vers\u00e1til.<\/p>\n<p style=\"text-align: center\" data-start=\"494\" data-end=\"776\"><strong data-start=\"494\" data-end=\"503\">Pa\u00eds:<\/strong> Estados Unidos<br data-start=\"518\" data-end=\"521\" \/><strong data-start=\"521\" data-end=\"532\">Regi\u00f3n:<\/strong> California<br data-start=\"543\" data-end=\"546\" \/><strong data-start=\"546\" data-end=\"557\">Bodega:<\/strong> Conundrum Wines (Wagner Family of Wine)<br data-start=\"597\" data-end=\"600\" \/><strong data-start=\"600\" data-end=\"609\">Tipo:<\/strong> Vino blanco blend<br data-start=\"627\" data-end=\"630\" data-is-only-node=\"\" \/><strong data-start=\"630\" data-end=\"640\">Sabor:<\/strong> Frutas tropicales (pi\u00f1a, mango), durazno, flor de azahar, un toque de especias dulces y c\u00edtricos<br data-start=\"737\" data-end=\"740\" \/><strong data-start=\"740\" data-end=\"766\">Graduaci\u00f3n alcoh\u00f3lica:<\/strong> 13.5% ABV<\/p>\n<p style=\"text-align: center\" data-start=\"494\" data-end=\"776\"><strong data-start=\"778\" data-end=\"792\">Maridajes:<\/strong><br data-start=\"792\" data-end=\"795\" \/>Camarones al ajillo, comida asi\u00e1tica ligeramente picante, pollo con salsas cremosas, quesos suaves, o simplemente como aperitivo fresco en d\u00edas calurosos.<\/p>\n","protected":false},"excerpt":{"rendered":"<p>Vino blanco emblem\u00e1tico de California creado por la familia Wagner (creadores de Caymus). Este blend es conocido por su car\u00e1cter arom\u00e1tico, textura sedosa y equilibrio entre dulzura y acidez. Se elabora con una mezcla secreta de uvas blancas \u2014incluyendo Chardonnay, Sauvignon Blanc, Muscat Canelli, Viognier y Semillon\u2014 para lograr una expresi\u00f3n \u00fanica, vibrante y vers\u00e1til. [&hellip;]<\/p>\n","protected":false},"featured_media":684,"comment_status":"open","ping_status":"closed","template":"","meta":[],"product_brand":[],"product_cat":[30],"product_tag":[],"class_list":{"0":"post-560","1":"product","2":"type-product","3":"status-publish","4":"has-post-thumbnail","6":"product_cat-vino-blanco","8":"first","9":"instock","10":"shipping-taxable","11":"purchasable","12":"product-type-simple"},"_links":{"self":[{"href":"https:\/\/espirita.store\/index.php?rest_route=\/wp\/v2\/product\/560","targetHints":{"allow":["GET"]}}],"collection":[{"href":"https:\/\/espirita.store\/index.php?rest_route=\/wp\/v2\/product"}],"about":[{"href":"https:\/\/espirita.store\/index.php?rest_route=\/wp\/v2\/types\/product"}],"replies":[{"embeddable":true,"href":"https:\/\/espirita.store\/index.php?rest_route=%2Fwp%2Fv2%2Fcomments&post=560"}],"wp:featuredmedia":[{"embeddable":true,"href":"https:\/\/espirita.store\/index.php?rest_route=\/wp\/v2\/media\/684"}],"wp:attachment":[{"href":"https:\/\/espirita.store\/index.php?rest_route=%2Fwp%2Fv2%2Fmedia&parent=560"}],"wp:term":[{"taxonomy":"product_brand","embeddable":true,"href":"https:\/\/espirita.store\/index.php?rest_route=%2Fwp%2Fv2%2Fproduct_brand&post=560"},{"taxonomy":"product_cat","embeddable":true,"href":"https:\/\/espirita.store\/index.php?rest_route=%2Fwp%2Fv2%2Fproduct_cat&post=560"},{"taxonomy":"product_tag","embeddable":true,"href":"https:\/\/espirita.store\/index.php?rest_route=%2Fwp%2Fv2%2Fproduct_tag&post=560"}],"curies":[{"name":"wp","href":"https:\/\/api.w.org\/{rel}","templated":true}]}}