{"id":492,"date":"2025-07-27T03:50:39","date_gmt":"2025-07-27T02:50:39","guid":{"rendered":"https:\/\/espirita.store\/?post_type=product&#038;p=492"},"modified":"2025-09-04T21:50:40","modified_gmt":"2025-09-04T20:50:40","slug":"freixenet-prosecco-doc","status":"publish","type":"product","link":"https:\/\/espirita.store\/?product=freixenet-prosecco-doc","title":{"rendered":"Freixenet Semiseco DOC"},"content":{"rendered":"<p style=\"text-align: center\">750 ml<\/p>\n<p style=\"text-align: center\">Vino espumoso italiano de estilo Prosecco DOC, elaborado con uvas 100\u202f% Glera cosechadas en la regi\u00f3n de Veneto, entre Conegliano y Valdobbiadene. Es elaborado por Freixenet (marca espa\u00f1ola con producci\u00f3n en Italia) utilizando el m\u00e9todo Charmat, con fermentaci\u00f3n en tanques de acero a temperatura controlada para preservar aromas frescos.<\/p>\n<p style=\"text-align: center\">Pa\u00eds: Italia<br data-start=\"163\" data-end=\"166\" \/><span class=\"relative -mx-px my-[-0.2rem] rounded px-px py-[0.2rem] transition-colors duration-100 ease-in-out\">Bodega: Freixenet (Prosecco DOC, l\u00ednea italiana)<\/span><br data-start=\"203\" data-end=\"206\" \/><span class=\"relative -mx-px my-[-0.2rem] rounded px-px py-[0.2rem] transition-colors duration-100 ease-in-out\">Tipo: Vino espumoso (Prosecco DOC, NV, Extra Dry)<\/span><br data-start=\"243\" data-end=\"246\" \/><span class=\"relative -mx-px my-[-0.2rem] rounded px-px py-[0.2rem] transition-colors duration-100 ease-in-out\">Sabor: Aromas limpios y frescos de c\u00edtricos, manzana verde, flores blancas; en boca sensaci\u00f3n vivaz con sabores de lim\u00f3n maduro, pomelo y manzana verde; final ligero y refrescante<\/span><\/p>\n<p style=\"text-align: center\">Graduaci\u00f3n alcoh\u00f3lica: 11\u202f% ABV<\/p>\n<p style=\"text-align: center\" data-start=\"403\" data-end=\"419\"><strong data-start=\"403\" data-end=\"417\">Maridajes:<\/strong><\/p>\n<p style=\"text-align: center\" data-start=\"422\" data-end=\"461\"><span class=\"relative -mx-px my-[-0.2rem] rounded px-px py-[0.2rem] transition-colors duration-100 ease-in-out\">Aperitivos ligeros: bruschettas, canap\u00e9s, aceitunas<\/span><\/p>\n<p style=\"text-align: center\" data-start=\"464\" data-end=\"505\"><span class=\"relative -mx-px my-[-0.2rem] rounded px-px py-[0.2rem] transition-colors duration-100 ease-in-out\">Mariscos frescos, ostras, sushi o ceviche<\/span><\/p>\n<p style=\"text-align: center\" data-start=\"508\" data-end=\"549\"><span class=\"relative -mx-px my-[-0.2rem] rounded px-px py-[0.2rem] transition-colors duration-100 ease-in-out\">Ensaladas frescas con queso de cabra o frutas<\/span><\/p>\n<p style=\"text-align: center\" data-start=\"552\" data-end=\"593\"><span class=\"relative -mx-px my-[-0.2rem] rounded px-px py-[0.2rem] bg-[#FCECC1] dark:bg-[#64572A] transition-colors duration-100 ease-in-out\">Pollo fr\u00edo, ensaladas templadas o tostadas de vegetales<\/span><\/p>\n<p style=\"text-align: center\" data-start=\"596\" data-end=\"719\"><span class=\"relative -mx-px my-[-0.2rem] rounded px-px py-[0.2rem] transition-colors duration-100 ease-in-out\">Postres delicados o frutas frescas<\/span><br data-start=\"635\" data-end=\"638\" \/><span class=\"relative -mx-px my-[-0.2rem] rounded px-px py-[0.2rem] transition-colors duration-100 ease-in-out\">Ideal como aperitivo fr\u00edo (6\u20138\u202f\u00b0C) por su acidez equilibrada y frescura vivaz<\/span><\/p>\n","protected":false},"excerpt":{"rendered":"<p>750 ml Vino espumoso italiano de estilo Prosecco DOC, elaborado con uvas 100\u202f% Glera cosechadas en la regi\u00f3n de Veneto, entre Conegliano y Valdobbiadene. Es elaborado por Freixenet (marca espa\u00f1ola con producci\u00f3n en Italia) utilizando el m\u00e9todo Charmat, con fermentaci\u00f3n en tanques de acero a temperatura controlada para preservar aromas frescos. Pa\u00eds: ItaliaBodega: Freixenet (Prosecco [&hellip;]<\/p>\n","protected":false},"featured_media":933,"comment_status":"open","ping_status":"closed","template":"","meta":[],"product_brand":[],"product_cat":[32],"product_tag":[],"class_list":{"0":"post-492","1":"product","2":"type-product","3":"status-publish","4":"has-post-thumbnail","6":"product_cat-espumoso","8":"first","9":"instock","10":"shipping-taxable","11":"purchasable","12":"product-type-simple"},"_links":{"self":[{"href":"https:\/\/espirita.store\/index.php?rest_route=\/wp\/v2\/product\/492","targetHints":{"allow":["GET"]}}],"collection":[{"href":"https:\/\/espirita.store\/index.php?rest_route=\/wp\/v2\/product"}],"about":[{"href":"https:\/\/espirita.store\/index.php?rest_route=\/wp\/v2\/types\/product"}],"replies":[{"embeddable":true,"href":"https:\/\/espirita.store\/index.php?rest_route=%2Fwp%2Fv2%2Fcomments&post=492"}],"wp:featuredmedia":[{"embeddable":true,"href":"https:\/\/espirita.store\/index.php?rest_route=\/wp\/v2\/media\/933"}],"wp:attachment":[{"href":"https:\/\/espirita.store\/index.php?rest_route=%2Fwp%2Fv2%2Fmedia&parent=492"}],"wp:term":[{"taxonomy":"product_brand","embeddable":true,"href":"https:\/\/espirita.store\/index.php?rest_route=%2Fwp%2Fv2%2Fproduct_brand&post=492"},{"taxonomy":"product_cat","embeddable":true,"href":"https:\/\/espirita.store\/index.php?rest_route=%2Fwp%2Fv2%2Fproduct_cat&post=492"},{"taxonomy":"product_tag","embeddable":true,"href":"https:\/\/espirita.store\/index.php?rest_route=%2Fwp%2Fv2%2Fproduct_tag&post=492"}],"curies":[{"name":"wp","href":"https:\/\/api.w.org\/{rel}","templated":true}]}}