{"id":470,"date":"2025-07-26T17:19:28","date_gmt":"2025-07-26T16:19:28","guid":{"rendered":"https:\/\/espirita.store\/?post_type=product&#038;p=470"},"modified":"2025-09-05T21:25:59","modified_gmt":"2025-09-05T20:25:59","slug":"josh-cellars-reserve-central-coast-buttery-chardonnay-2022","status":"publish","type":"product","link":"https:\/\/espirita.store\/?product=josh-cellars-reserve-central-coast-buttery-chardonnay-2022","title":{"rendered":"Josh Cellars Reserve Central Coast Buttery Chardonnay 2022"},"content":{"rendered":"<blockquote>\n<p style=\"text-align: center\">750\u202fml<\/p>\n<\/blockquote>\n<p style=\"text-align: center\">Vino blanco estadounidense de la regi\u00f3n de la Costa Central de California, elaborado por Josh Cellars (l\u00ednea Reserve). Fermentado y madurado en barrica de roble para lograr una textura cremosa y redondeada.<\/p>\n<p style=\"text-align: center\"><strong data-start=\"187\" data-end=\"196\">Pa\u00eds:<\/strong> Estados Unidos<br data-start=\"211\" data-end=\"214\" \/><strong data-start=\"214\" data-end=\"225\">Bodega:<\/strong> Josh Cellars (Deutsch Family Wine &amp; Spirits<\/p>\n<p style=\"text-align: center\"><strong data-start=\"311\" data-end=\"320\">Tipo:<\/strong> Vino blanco varietal (Chardonnay Reserve, Central Coast, a\u00f1ada 2022)<br data-start=\"389\" data-end=\"392\" \/><strong data-start=\"392\" data-end=\"402\">Sabor:<\/strong> Aromas y sabores de fruta de hueso madura, lim\u00f3n horneado, crema br\u00fbl\u00e9e, marshmallow tostado, mantequilla y caramelo; textura aterciopelada con rica sensaci\u00f3n en boca<\/p>\n<p style=\"text-align: center\"><strong data-start=\"610\" data-end=\"636\" data-is-only-node=\"\">Graduaci\u00f3n alcoh\u00f3lica:<\/strong> Alrededor de 13\u202f%-13.5\u202f% ABV<\/p>\n<p style=\"text-align: center\"><strong data-start=\"705\" data-end=\"719\">Maridajes:<\/strong><\/p>\n<p style=\"text-align: center\" data-start=\"724\" data-end=\"761\">Salm\u00f3n a la plancha o a la parrilla<\/p>\n<p style=\"text-align: center\" data-start=\"764\" data-end=\"800\">Pollo ligeramente sazonado o asado<\/p>\n<p style=\"text-align: center\" data-start=\"803\" data-end=\"854\">Ensaladas con vegetales frescos y aderezo cremoso<\/p>\n<p style=\"text-align: center\" data-start=\"857\" data-end=\"921\">Filete de res tipo sirloin o ribeye (ligeramente condimentado)<\/p>\n<p style=\"text-align: center\" data-start=\"924\" data-end=\"992\">Verduras grilladas o cremosas (como champi\u00f1ones o pasta con crema)<\/p>\n","protected":false},"excerpt":{"rendered":"<p>750\u202fml Vino blanco estadounidense de la regi\u00f3n de la Costa Central de California, elaborado por Josh Cellars (l\u00ednea Reserve). Fermentado y madurado en barrica de roble para lograr una textura cremosa y redondeada. Pa\u00eds: Estados UnidosBodega: Josh Cellars (Deutsch Family Wine &amp; Spirits Tipo: Vino blanco varietal (Chardonnay Reserve, Central Coast, a\u00f1ada 2022)Sabor: Aromas y [&hellip;]<\/p>\n","protected":false},"featured_media":971,"comment_status":"open","ping_status":"closed","template":"","meta":[],"product_brand":[],"product_cat":[30],"product_tag":[],"class_list":{"0":"post-470","1":"product","2":"type-product","3":"status-publish","4":"has-post-thumbnail","6":"product_cat-vino-blanco","8":"first","9":"instock","10":"shipping-taxable","11":"purchasable","12":"product-type-simple"},"_links":{"self":[{"href":"https:\/\/espirita.store\/index.php?rest_route=\/wp\/v2\/product\/470","targetHints":{"allow":["GET"]}}],"collection":[{"href":"https:\/\/espirita.store\/index.php?rest_route=\/wp\/v2\/product"}],"about":[{"href":"https:\/\/espirita.store\/index.php?rest_route=\/wp\/v2\/types\/product"}],"replies":[{"embeddable":true,"href":"https:\/\/espirita.store\/index.php?rest_route=%2Fwp%2Fv2%2Fcomments&post=470"}],"wp:featuredmedia":[{"embeddable":true,"href":"https:\/\/espirita.store\/index.php?rest_route=\/wp\/v2\/media\/971"}],"wp:attachment":[{"href":"https:\/\/espirita.store\/index.php?rest_route=%2Fwp%2Fv2%2Fmedia&parent=470"}],"wp:term":[{"taxonomy":"product_brand","embeddable":true,"href":"https:\/\/espirita.store\/index.php?rest_route=%2Fwp%2Fv2%2Fproduct_brand&post=470"},{"taxonomy":"product_cat","embeddable":true,"href":"https:\/\/espirita.store\/index.php?rest_route=%2Fwp%2Fv2%2Fproduct_cat&post=470"},{"taxonomy":"product_tag","embeddable":true,"href":"https:\/\/espirita.store\/index.php?rest_route=%2Fwp%2Fv2%2Fproduct_tag&post=470"}],"curies":[{"name":"wp","href":"https:\/\/api.w.org\/{rel}","templated":true}]}}