{"id":433,"date":"2025-07-21T21:07:23","date_gmt":"2025-07-21T20:07:23","guid":{"rendered":"https:\/\/espirita.store\/?post_type=product&#038;p=433"},"modified":"2025-08-29T21:29:36","modified_gmt":"2025-08-29T20:29:36","slug":"king-maui-sauvignon-blanc","status":"publish","type":"product","link":"https:\/\/espirita.store\/?product=king-maui-sauvignon-blanc","title":{"rendered":"King Maui\u00ae Sauvignon Blanc"},"content":{"rendered":"<p style=\"text-align: center\">750\u202fml<\/p>\n<p style=\"text-align: center\" data-start=\"338\" data-end=\"590\">Vino blanco seco de Marlborough, una de las regiones vitivin\u00edcolas m\u00e1s reconocidas del mundo por su Sauvignon Blanc. Fresco, arom\u00e1tico y vibrante, con notas herbales y c\u00edtricas. Ideal para d\u00edas calurosos y maridajes ligeros.<\/p>\n<p style=\"text-align: center\" data-start=\"592\" data-end=\"931\"><br data-start=\"617\" data-end=\"620\" \/><strong data-start=\"620\" data-end=\"629\">Pa\u00eds:<\/strong> Nueva Zelanda<br data-start=\"643\" data-end=\"646\" \/><strong data-start=\"646\" data-end=\"657\">Regi\u00f3n:<\/strong> Marlborough<br data-start=\"669\" data-end=\"672\" \/><strong data-start=\"672\" data-end=\"683\">Bodega:<\/strong> King Maui<br data-start=\"693\" data-end=\"696\" \/><strong data-start=\"696\" data-end=\"705\">Tipo:<\/strong> Vino blanco Sauvignon Blanc<br data-start=\"733\" data-end=\"736\" \/><strong data-start=\"736\" data-end=\"746\">Sabor:<\/strong> Maracuy\u00e1, lima, toronja, hierba fresca y un toque mineral<br data-start=\"804\" data-end=\"807\" \/><strong data-start=\"807\" data-end=\"815\">A\u00f1o:<\/strong> <em data-start=\"816\" data-end=\"878\">(var\u00eda seg\u00fan cosecha; si tienes la botella, puede agregarse)<\/em><br data-start=\"878\" data-end=\"881\" \/><strong data-start=\"881\" data-end=\"907\">Graduaci\u00f3n alcoh\u00f3lica:<\/strong> Aproximadamente 13% ABV<\/p>\n<p style=\"text-align: center\" data-start=\"933\" data-end=\"1013\"><strong data-start=\"933\" data-end=\"947\">Maridajes:<\/strong><br data-start=\"947\" data-end=\"950\" \/>Pescados, mariscos, ensaladas frescas, quesos de cabra o sushi.<\/p>\n","protected":false},"excerpt":{"rendered":"<p>750\u202fml Vino blanco seco de Marlborough, una de las regiones vitivin\u00edcolas m\u00e1s reconocidas del mundo por su Sauvignon Blanc. Fresco, arom\u00e1tico y vibrante, con notas herbales y c\u00edtricas. Ideal para d\u00edas calurosos y maridajes ligeros. Pa\u00eds: Nueva ZelandaRegi\u00f3n: MarlboroughBodega: King MauiTipo: Vino blanco Sauvignon BlancSabor: Maracuy\u00e1, lima, toronja, hierba fresca y un toque mineralA\u00f1o: (var\u00eda [&hellip;]<\/p>\n","protected":false},"featured_media":527,"comment_status":"open","ping_status":"closed","template":"","meta":[],"product_brand":[],"product_cat":[30],"product_tag":[],"class_list":{"0":"post-433","1":"product","2":"type-product","3":"status-publish","4":"has-post-thumbnail","6":"product_cat-vino-blanco","8":"first","9":"instock","10":"shipping-taxable","11":"purchasable","12":"product-type-simple"},"_links":{"self":[{"href":"https:\/\/espirita.store\/index.php?rest_route=\/wp\/v2\/product\/433","targetHints":{"allow":["GET"]}}],"collection":[{"href":"https:\/\/espirita.store\/index.php?rest_route=\/wp\/v2\/product"}],"about":[{"href":"https:\/\/espirita.store\/index.php?rest_route=\/wp\/v2\/types\/product"}],"replies":[{"embeddable":true,"href":"https:\/\/espirita.store\/index.php?rest_route=%2Fwp%2Fv2%2Fcomments&post=433"}],"wp:featuredmedia":[{"embeddable":true,"href":"https:\/\/espirita.store\/index.php?rest_route=\/wp\/v2\/media\/527"}],"wp:attachment":[{"href":"https:\/\/espirita.store\/index.php?rest_route=%2Fwp%2Fv2%2Fmedia&parent=433"}],"wp:term":[{"taxonomy":"product_brand","embeddable":true,"href":"https:\/\/espirita.store\/index.php?rest_route=%2Fwp%2Fv2%2Fproduct_brand&post=433"},{"taxonomy":"product_cat","embeddable":true,"href":"https:\/\/espirita.store\/index.php?rest_route=%2Fwp%2Fv2%2Fproduct_cat&post=433"},{"taxonomy":"product_tag","embeddable":true,"href":"https:\/\/espirita.store\/index.php?rest_route=%2Fwp%2Fv2%2Fproduct_tag&post=433"}],"curies":[{"name":"wp","href":"https:\/\/api.w.org\/{rel}","templated":true}]}}