{"id":432,"date":"2025-07-21T21:05:32","date_gmt":"2025-07-21T20:05:32","guid":{"rendered":"https:\/\/espirita.store\/?post_type=product&#038;p=432"},"modified":"2025-08-29T21:29:49","modified_gmt":"2025-08-29T20:29:49","slug":"voga-prosecco-doc","status":"publish","type":"product","link":"https:\/\/espirita.store\/?product=voga-prosecco-doc","title":{"rendered":"Voga\u00ae Prosecco DOC"},"content":{"rendered":"<p style=\"text-align: center\">750\u202fml<\/p>\n<p style=\"text-align: center\" data-start=\"300\" data-end=\"527\">Vino espumoso italiano elaborado con uvas Glera en la regi\u00f3n del V\u00e9neto. Seco, fresco y elegante, con burbujas finas y persistentes. Ideal para celebraciones, aperitivos o maridar con platos ligeros.<\/p>\n<p style=\"text-align: center\" data-start=\"529\" data-end=\"771\"><br data-start=\"554\" data-end=\"557\" \/><strong data-start=\"557\" data-end=\"566\">Pa\u00eds:<\/strong> Italia<br data-start=\"573\" data-end=\"576\" \/><strong data-start=\"576\" data-end=\"587\">Bodega:<\/strong> Voga Italia<br data-start=\"599\" data-end=\"602\" \/><strong data-start=\"602\" data-end=\"611\">Tipo:<\/strong> Prosecco DOC (vino espumoso blanco seco)<br data-start=\"652\" data-end=\"655\" \/><strong data-start=\"655\" data-end=\"665\">Sabor:<\/strong> Manzana verde, pera, c\u00edtricos y flores blancas, con un toque mineral<br data-start=\"734\" data-end=\"737\" \/><strong data-start=\"737\" data-end=\"763\">Graduaci\u00f3n alcoh\u00f3lica:<\/strong> 11% ABV<\/p>\n<p style=\"text-align: center\" data-start=\"773\" data-end=\"875\"><strong data-start=\"773\" data-end=\"787\">Maridajes:<\/strong><br data-start=\"787\" data-end=\"790\" \/>Mariscos, sushi, quesos suaves, ensaladas frescas, postres frutales o como aperitivo.<\/p>\n","protected":false},"excerpt":{"rendered":"<p>750\u202fml Vino espumoso italiano elaborado con uvas Glera en la regi\u00f3n del V\u00e9neto. Seco, fresco y elegante, con burbujas finas y persistentes. Ideal para celebraciones, aperitivos o maridar con platos ligeros. Pa\u00eds: ItaliaBodega: Voga ItaliaTipo: Prosecco DOC (vino espumoso blanco seco)Sabor: Manzana verde, pera, c\u00edtricos y flores blancas, con un toque mineralGraduaci\u00f3n alcoh\u00f3lica: 11% ABV [&hellip;]<\/p>\n","protected":false},"featured_media":441,"comment_status":"open","ping_status":"closed","template":"","meta":[],"product_brand":[],"product_cat":[30],"product_tag":[],"class_list":{"0":"post-432","1":"product","2":"type-product","3":"status-publish","4":"has-post-thumbnail","6":"product_cat-vino-blanco","8":"first","9":"instock","10":"shipping-taxable","11":"purchasable","12":"product-type-simple"},"_links":{"self":[{"href":"https:\/\/espirita.store\/index.php?rest_route=\/wp\/v2\/product\/432","targetHints":{"allow":["GET"]}}],"collection":[{"href":"https:\/\/espirita.store\/index.php?rest_route=\/wp\/v2\/product"}],"about":[{"href":"https:\/\/espirita.store\/index.php?rest_route=\/wp\/v2\/types\/product"}],"replies":[{"embeddable":true,"href":"https:\/\/espirita.store\/index.php?rest_route=%2Fwp%2Fv2%2Fcomments&post=432"}],"wp:featuredmedia":[{"embeddable":true,"href":"https:\/\/espirita.store\/index.php?rest_route=\/wp\/v2\/media\/441"}],"wp:attachment":[{"href":"https:\/\/espirita.store\/index.php?rest_route=%2Fwp%2Fv2%2Fmedia&parent=432"}],"wp:term":[{"taxonomy":"product_brand","embeddable":true,"href":"https:\/\/espirita.store\/index.php?rest_route=%2Fwp%2Fv2%2Fproduct_brand&post=432"},{"taxonomy":"product_cat","embeddable":true,"href":"https:\/\/espirita.store\/index.php?rest_route=%2Fwp%2Fv2%2Fproduct_cat&post=432"},{"taxonomy":"product_tag","embeddable":true,"href":"https:\/\/espirita.store\/index.php?rest_route=%2Fwp%2Fv2%2Fproduct_tag&post=432"}],"curies":[{"name":"wp","href":"https:\/\/api.w.org\/{rel}","templated":true}]}}