{"id":425,"date":"2025-07-19T21:57:45","date_gmt":"2025-07-19T20:57:45","guid":{"rendered":"https:\/\/espirita.store\/?post_type=product&#038;p=425"},"modified":"2025-08-13T01:50:39","modified_gmt":"2025-08-13T00:50:39","slug":"jose-cuervo-especial-blue-agave","status":"publish","type":"product","link":"https:\/\/espirita.store\/?product=jose-cuervo-especial-blue-agave","title":{"rendered":"Jose Cuervo\u00ae Especial Blue Agave"},"content":{"rendered":"<p style=\"text-align: center\">750\u202fml<\/p>\n<p style=\"text-align: center\" data-start=\"282\" data-end=\"458\">Tequila elaborado con una mezcla de 51% agave azul y jarabe de ma\u00edz, ofreciendo un perfil suave y accesible. Popular para cocteles y consumo casual.<\/p>\n<p style=\"text-align: center\" data-start=\"460\" data-end=\"693\"><br data-start=\"485\" data-end=\"488\" \/><strong data-start=\"488\" data-end=\"497\">Pa\u00eds:<\/strong> M\u00e9xico<br data-start=\"504\" data-end=\"507\" \/><strong data-start=\"507\" data-end=\"522\">Destiler\u00eda:<\/strong> Jose Cuervo, Jalisco<br data-start=\"543\" data-end=\"546\" \/><strong data-start=\"546\" data-end=\"555\">Tipo:<\/strong> Tequila mixto (51% agave azul)<br data-start=\"586\" data-end=\"589\" \/><strong data-start=\"589\" data-end=\"599\">Sabor:<\/strong> Agave cocido, notas dulces, caramelo y toques especiados<br data-start=\"656\" data-end=\"659\" \/><strong data-start=\"659\" data-end=\"685\">Graduaci\u00f3n alcoh\u00f3lica:<\/strong> 40% ABV<\/p>\n<p style=\"text-align: center\" data-start=\"460\" data-end=\"693\"><strong data-start=\"695\" data-end=\"709\">Maridajes:<\/strong><br data-start=\"709\" data-end=\"712\" \/>C\u00f3cteles cl\u00e1sicos como margaritas, botanas mexicanas, mariscos y comida picante.<\/p>\n","protected":false},"excerpt":{"rendered":"<p>750\u202fml Tequila elaborado con una mezcla de 51% agave azul y jarabe de ma\u00edz, ofreciendo un perfil suave y accesible. Popular para cocteles y consumo casual. Pa\u00eds: M\u00e9xicoDestiler\u00eda: Jose Cuervo, JaliscoTipo: Tequila mixto (51% agave azul)Sabor: Agave cocido, notas dulces, caramelo y toques especiadosGraduaci\u00f3n alcoh\u00f3lica: 40% ABV Maridajes:C\u00f3cteles cl\u00e1sicos como margaritas, botanas mexicanas, mariscos y [&hellip;]<\/p>\n","protected":false},"featured_media":525,"comment_status":"open","ping_status":"closed","template":"","meta":[],"product_brand":[],"product_cat":[57],"product_tag":[],"class_list":{"0":"post-425","1":"product","2":"type-product","3":"status-publish","4":"has-post-thumbnail","6":"product_cat-tequila","8":"first","9":"instock","10":"shipping-taxable","11":"purchasable","12":"product-type-simple"},"_links":{"self":[{"href":"https:\/\/espirita.store\/index.php?rest_route=\/wp\/v2\/product\/425","targetHints":{"allow":["GET"]}}],"collection":[{"href":"https:\/\/espirita.store\/index.php?rest_route=\/wp\/v2\/product"}],"about":[{"href":"https:\/\/espirita.store\/index.php?rest_route=\/wp\/v2\/types\/product"}],"replies":[{"embeddable":true,"href":"https:\/\/espirita.store\/index.php?rest_route=%2Fwp%2Fv2%2Fcomments&post=425"}],"wp:featuredmedia":[{"embeddable":true,"href":"https:\/\/espirita.store\/index.php?rest_route=\/wp\/v2\/media\/525"}],"wp:attachment":[{"href":"https:\/\/espirita.store\/index.php?rest_route=%2Fwp%2Fv2%2Fmedia&parent=425"}],"wp:term":[{"taxonomy":"product_brand","embeddable":true,"href":"https:\/\/espirita.store\/index.php?rest_route=%2Fwp%2Fv2%2Fproduct_brand&post=425"},{"taxonomy":"product_cat","embeddable":true,"href":"https:\/\/espirita.store\/index.php?rest_route=%2Fwp%2Fv2%2Fproduct_cat&post=425"},{"taxonomy":"product_tag","embeddable":true,"href":"https:\/\/espirita.store\/index.php?rest_route=%2Fwp%2Fv2%2Fproduct_tag&post=425"}],"curies":[{"name":"wp","href":"https:\/\/api.w.org\/{rel}","templated":true}]}}