{"id":421,"date":"2025-07-19T21:47:00","date_gmt":"2025-07-19T20:47:00","guid":{"rendered":"https:\/\/espirita.store\/?post_type=product&#038;p=421"},"modified":"2025-09-10T21:54:37","modified_gmt":"2025-09-10T20:54:37","slug":"tequila-viuda-de-romero-reposado","status":"publish","type":"product","link":"https:\/\/espirita.store\/?product=tequila-viuda-de-romero-reposado","title":{"rendered":"Tequila Viuda de Romero\u00ae Reposado"},"content":{"rendered":"<p style=\"text-align: center\">1 litro (1000\u202fml)<\/p>\n<p style=\"text-align: center\" data-start=\"299\" data-end=\"537\">Tequila 100% agave azul, reposado en barricas de roble durante varios meses, ofreciendo un equilibrio entre el sabor fresco del agave y notas suaves de madera. Ideal para tomar solo o en cocteles tradicionales.<\/p>\n<p style=\"text-align: center\" data-start=\"539\" data-end=\"792\"><strong data-start=\"539\" data-end=\"564\">Detalle del producto:<\/strong><br data-start=\"564\" data-end=\"567\" \/><strong data-start=\"567\" data-end=\"576\">Pa\u00eds:<\/strong> M\u00e9xico<br data-start=\"583\" data-end=\"586\" \/><strong data-start=\"586\" data-end=\"601\">Destiler\u00eda:<\/strong> Viuda de Romero, Jalisco<br data-start=\"626\" data-end=\"629\" \/><strong data-start=\"629\" data-end=\"638\">Tipo:<\/strong> Tequila reposado (100% agave azul)<br data-start=\"673\" data-end=\"676\" \/><strong data-start=\"676\" data-end=\"686\">Sabor:<\/strong> Agave cocido, vainilla, caramelo, madera ligera y especias suaves<br data-start=\"752\" data-end=\"755\" \/><strong data-start=\"755\" data-end=\"781\">Graduaci\u00f3n alcoh\u00f3lica:<\/strong> 38\u201340% ABV<\/p>\n<p style=\"text-align: center\" data-start=\"794\" data-end=\"888\"><strong data-start=\"794\" data-end=\"808\">Maridajes:<\/strong><br data-start=\"808\" data-end=\"811\" \/>Carnes blancas, tacos, guacamole, quesos suaves o para degustar en las<\/p>\n<p style=\"text-align: center\" data-start=\"794\" data-end=\"888\">rocas.<\/p>\n","protected":false},"excerpt":{"rendered":"<p>1 litro (1000\u202fml) Tequila 100% agave azul, reposado en barricas de roble durante varios meses, ofreciendo un equilibrio entre el sabor fresco del agave y notas suaves de madera. Ideal para tomar solo o en cocteles tradicionales. Detalle del producto:Pa\u00eds: M\u00e9xicoDestiler\u00eda: Viuda de Romero, JaliscoTipo: Tequila reposado (100% agave azul)Sabor: Agave cocido, vainilla, caramelo, madera [&hellip;]<\/p>\n","protected":false},"featured_media":998,"comment_status":"open","ping_status":"closed","template":"","meta":[],"product_brand":[],"product_cat":[57],"product_tag":[],"class_list":{"0":"post-421","1":"product","2":"type-product","3":"status-publish","4":"has-post-thumbnail","6":"product_cat-tequila","8":"first","9":"instock","10":"shipping-taxable","11":"purchasable","12":"product-type-simple"},"_links":{"self":[{"href":"https:\/\/espirita.store\/index.php?rest_route=\/wp\/v2\/product\/421","targetHints":{"allow":["GET"]}}],"collection":[{"href":"https:\/\/espirita.store\/index.php?rest_route=\/wp\/v2\/product"}],"about":[{"href":"https:\/\/espirita.store\/index.php?rest_route=\/wp\/v2\/types\/product"}],"replies":[{"embeddable":true,"href":"https:\/\/espirita.store\/index.php?rest_route=%2Fwp%2Fv2%2Fcomments&post=421"}],"wp:featuredmedia":[{"embeddable":true,"href":"https:\/\/espirita.store\/index.php?rest_route=\/wp\/v2\/media\/998"}],"wp:attachment":[{"href":"https:\/\/espirita.store\/index.php?rest_route=%2Fwp%2Fv2%2Fmedia&parent=421"}],"wp:term":[{"taxonomy":"product_brand","embeddable":true,"href":"https:\/\/espirita.store\/index.php?rest_route=%2Fwp%2Fv2%2Fproduct_brand&post=421"},{"taxonomy":"product_cat","embeddable":true,"href":"https:\/\/espirita.store\/index.php?rest_route=%2Fwp%2Fv2%2Fproduct_cat&post=421"},{"taxonomy":"product_tag","embeddable":true,"href":"https:\/\/espirita.store\/index.php?rest_route=%2Fwp%2Fv2%2Fproduct_tag&post=421"}],"curies":[{"name":"wp","href":"https:\/\/api.w.org\/{rel}","templated":true}]}}