{"id":419,"date":"2025-07-19T21:44:30","date_gmt":"2025-07-19T20:44:30","guid":{"rendered":"https:\/\/espirita.store\/?post_type=product&#038;p=419"},"modified":"2025-08-29T21:39:23","modified_gmt":"2025-08-29T20:39:23","slug":"don-julio-70-anejo-claro","status":"publish","type":"product","link":"https:\/\/espirita.store\/?product=don-julio-70-anejo-claro","title":{"rendered":"Don Julio 70\u00ae A\u00f1ejo Claro"},"content":{"rendered":"<p style=\"text-align: center\">750\u202fml<\/p>\n<p style=\"text-align: center\" data-start=\"287\" data-end=\"572\">Tequila a\u00f1ejo cristalino, resultado de filtrar un a\u00f1ejo para eliminar el color, manteniendo su sabor complejo y suave. Ofrece notas de caramelo, vainilla y agave, con una textura sedosa y un acabado limpio, ideal para c\u00f3cteles premium o para disfrutar solo.<\/p>\n<p style=\"text-align: center\" data-start=\"574\" data-end=\"831\"><br data-start=\"599\" data-end=\"602\" \/><strong data-start=\"602\" data-end=\"611\">Pa\u00eds:<\/strong> M\u00e9xico<br data-start=\"618\" data-end=\"621\" \/><strong data-start=\"621\" data-end=\"636\">Destiler\u00eda:<\/strong> Casa Don Julio, Jalisco<br data-start=\"660\" data-end=\"663\" \/><strong data-start=\"663\" data-end=\"672\">Tipo:<\/strong> Tequila a\u00f1ejo cristalino (100% agave azul)<br data-start=\"715\" data-end=\"718\" \/><strong data-start=\"718\" data-end=\"728\">Sabor:<\/strong> Caramelo, vainilla, roble tostado, agave cocido y especias suaves<br data-start=\"794\" data-end=\"797\" \/><strong data-start=\"797\" data-end=\"823\">Graduaci\u00f3n alcoh\u00f3lica:<\/strong> 40% ABV<\/p>\n<p style=\"text-align: center\" data-start=\"833\" data-end=\"936\"><strong data-start=\"833\" data-end=\"847\">Maridajes:<\/strong><br data-start=\"847\" data-end=\"850\" \/>C\u00f3cteles sofisticados, carnes suaves, mariscos, postres cremosos o para degustar solo.<\/p>\n","protected":false},"excerpt":{"rendered":"<p>750\u202fml Tequila a\u00f1ejo cristalino, resultado de filtrar un a\u00f1ejo para eliminar el color, manteniendo su sabor complejo y suave. Ofrece notas de caramelo, vainilla y agave, con una textura sedosa y un acabado limpio, ideal para c\u00f3cteles premium o para disfrutar solo. Pa\u00eds: M\u00e9xicoDestiler\u00eda: Casa Don Julio, JaliscoTipo: Tequila a\u00f1ejo cristalino (100% agave azul)Sabor: Caramelo, [&hellip;]<\/p>\n","protected":false},"featured_media":420,"comment_status":"open","ping_status":"closed","template":"","meta":[],"product_brand":[],"product_cat":[57],"product_tag":[],"class_list":{"0":"post-419","1":"product","2":"type-product","3":"status-publish","4":"has-post-thumbnail","6":"product_cat-tequila","8":"first","9":"instock","10":"shipping-taxable","11":"purchasable","12":"product-type-simple"},"_links":{"self":[{"href":"https:\/\/espirita.store\/index.php?rest_route=\/wp\/v2\/product\/419","targetHints":{"allow":["GET"]}}],"collection":[{"href":"https:\/\/espirita.store\/index.php?rest_route=\/wp\/v2\/product"}],"about":[{"href":"https:\/\/espirita.store\/index.php?rest_route=\/wp\/v2\/types\/product"}],"replies":[{"embeddable":true,"href":"https:\/\/espirita.store\/index.php?rest_route=%2Fwp%2Fv2%2Fcomments&post=419"}],"wp:featuredmedia":[{"embeddable":true,"href":"https:\/\/espirita.store\/index.php?rest_route=\/wp\/v2\/media\/420"}],"wp:attachment":[{"href":"https:\/\/espirita.store\/index.php?rest_route=%2Fwp%2Fv2%2Fmedia&parent=419"}],"wp:term":[{"taxonomy":"product_brand","embeddable":true,"href":"https:\/\/espirita.store\/index.php?rest_route=%2Fwp%2Fv2%2Fproduct_brand&post=419"},{"taxonomy":"product_cat","embeddable":true,"href":"https:\/\/espirita.store\/index.php?rest_route=%2Fwp%2Fv2%2Fproduct_cat&post=419"},{"taxonomy":"product_tag","embeddable":true,"href":"https:\/\/espirita.store\/index.php?rest_route=%2Fwp%2Fv2%2Fproduct_tag&post=419"}],"curies":[{"name":"wp","href":"https:\/\/api.w.org\/{rel}","templated":true}]}}