{"id":401,"date":"2025-07-18T00:18:45","date_gmt":"2025-07-17T23:18:45","guid":{"rendered":"https:\/\/espirita.store\/?post_type=product&#038;p=401"},"modified":"2025-08-29T21:43:48","modified_gmt":"2025-08-29T20:43:48","slug":"patron-extra-anejo","status":"publish","type":"product","link":"https:\/\/espirita.store\/?product=patron-extra-anejo","title":{"rendered":"Patr\u00f3n\u00ae Extra A\u00f1ejo"},"content":{"rendered":"<p style=\"text-align: center\">750\u202fml<\/p>\n<p style=\"text-align: center\" data-start=\"323\" data-end=\"585\">Tequila 100% agave azul envejecido por un m\u00ednimo de 3 a\u00f1os en una combinaci\u00f3n de barricas de roble franc\u00e9s, americano y barricas de roble usadas. Su perfil es rico, complejo y suave, ideal para quienes disfrutan tequilas de alta gama.<\/p>\n<p style=\"text-align: center\" data-start=\"323\" data-end=\"585\"><strong data-start=\"615\" data-end=\"624\">Pa\u00eds:<\/strong> M\u00e9xico<br data-start=\"631\" data-end=\"634\" \/><strong data-start=\"634\" data-end=\"649\">Destiler\u00eda:<\/strong> Hacienda Patr\u00f3n, Jalisco<br data-start=\"674\" data-end=\"677\" \/><strong data-start=\"677\" data-end=\"686\">Tipo:<\/strong> Tequila extra a\u00f1ejo (100% agave azul)<br data-start=\"724\" data-end=\"727\" \/><strong data-start=\"727\" data-end=\"737\">Sabor:<\/strong> Caramelo, miel, frutas secas, roble tostado, vainilla y especias suaves<br data-start=\"809\" data-end=\"812\" \/><strong data-start=\"812\" data-end=\"838\">Graduaci\u00f3n alcoh\u00f3lica:<\/strong> 40% ABV (80 Proof)<\/p>\n<p style=\"text-align: center\" data-start=\"859\" data-end=\"995\"><strong data-start=\"859\" data-end=\"873\">Maridajes:<\/strong><br data-start=\"873\" data-end=\"876\" \/>Chocolate oscuro, quesos maduros, carnes al carb\u00f3n, postres especiados, o para disfrutar solo en una copa tipo snifter.<\/p>\n","protected":false},"excerpt":{"rendered":"<p>750\u202fml Tequila 100% agave azul envejecido por un m\u00ednimo de 3 a\u00f1os en una combinaci\u00f3n de barricas de roble franc\u00e9s, americano y barricas de roble usadas. Su perfil es rico, complejo y suave, ideal para quienes disfrutan tequilas de alta gama. Pa\u00eds: M\u00e9xicoDestiler\u00eda: Hacienda Patr\u00f3n, JaliscoTipo: Tequila extra a\u00f1ejo (100% agave azul)Sabor: Caramelo, miel, frutas [&hellip;]<\/p>\n","protected":false},"featured_media":458,"comment_status":"open","ping_status":"closed","template":"","meta":[],"product_brand":[],"product_cat":[57],"product_tag":[],"class_list":{"0":"post-401","1":"product","2":"type-product","3":"status-publish","4":"has-post-thumbnail","6":"product_cat-tequila","8":"first","9":"instock","10":"shipping-taxable","11":"purchasable","12":"product-type-simple"},"_links":{"self":[{"href":"https:\/\/espirita.store\/index.php?rest_route=\/wp\/v2\/product\/401","targetHints":{"allow":["GET"]}}],"collection":[{"href":"https:\/\/espirita.store\/index.php?rest_route=\/wp\/v2\/product"}],"about":[{"href":"https:\/\/espirita.store\/index.php?rest_route=\/wp\/v2\/types\/product"}],"replies":[{"embeddable":true,"href":"https:\/\/espirita.store\/index.php?rest_route=%2Fwp%2Fv2%2Fcomments&post=401"}],"wp:featuredmedia":[{"embeddable":true,"href":"https:\/\/espirita.store\/index.php?rest_route=\/wp\/v2\/media\/458"}],"wp:attachment":[{"href":"https:\/\/espirita.store\/index.php?rest_route=%2Fwp%2Fv2%2Fmedia&parent=401"}],"wp:term":[{"taxonomy":"product_brand","embeddable":true,"href":"https:\/\/espirita.store\/index.php?rest_route=%2Fwp%2Fv2%2Fproduct_brand&post=401"},{"taxonomy":"product_cat","embeddable":true,"href":"https:\/\/espirita.store\/index.php?rest_route=%2Fwp%2Fv2%2Fproduct_cat&post=401"},{"taxonomy":"product_tag","embeddable":true,"href":"https:\/\/espirita.store\/index.php?rest_route=%2Fwp%2Fv2%2Fproduct_tag&post=401"}],"curies":[{"name":"wp","href":"https:\/\/api.w.org\/{rel}","templated":true}]}}