{"id":393,"date":"2025-07-16T06:39:31","date_gmt":"2025-07-16T05:39:31","guid":{"rendered":"https:\/\/espirita.store\/?post_type=product&#038;p=393"},"modified":"2025-09-01T21:19:38","modified_gmt":"2025-09-01T20:19:38","slug":"johnnie-walker-blue-label","status":"publish","type":"product","link":"https:\/\/espirita.store\/?product=johnnie-walker-blue-label","title":{"rendered":"Johnnie Walker\u00ae Blue Label"},"content":{"rendered":"<p style=\"text-align: center\">750\u202fml<\/p>\n<p style=\"text-align: center\" data-start=\"314\" data-end=\"579\">Whisky escoc\u00e9s blended de lujo, elaborado con algunas de las maltas y granos m\u00e1s raros y a\u00f1ejos de Escocia. Reconocido por su suavidad excepcional, complejidad y acabado elegante. Es la etiqueta m\u00e1s prestigiosa de la casa Johnnie Walker.<\/p>\n<p style=\"text-align: center\" data-start=\"581\" data-end=\"871\"><br data-start=\"606\" data-end=\"609\" \/><strong data-start=\"609\" data-end=\"618\">Pa\u00eds:<\/strong> Escocia<br data-start=\"626\" data-end=\"629\" \/><strong data-start=\"629\" data-end=\"644\">Destiler\u00eda:<\/strong> Johnnie Walker (Diageo)<br data-start=\"668\" data-end=\"671\" \/><strong data-start=\"671\" data-end=\"680\">Tipo:<\/strong> Blended Scotch Whisky premium<br data-start=\"710\" data-end=\"713\" \/><strong data-start=\"713\" data-end=\"723\">Sabor:<\/strong> Frutas secas, miel, chocolate oscuro, roble envejecido, especias suaves y un toque ahumado elegante<br data-start=\"823\" data-end=\"826\" \/><strong data-start=\"826\" data-end=\"852\">Graduaci\u00f3n alcoh\u00f3lica:<\/strong> 40% ABV (80 Proof)<\/p>\n<p style=\"text-align: center\" data-start=\"873\" data-end=\"997\"><strong data-start=\"873\" data-end=\"887\">Maridajes:<\/strong><br data-start=\"887\" data-end=\"890\" \/>Cortes finos de carne, chocolate amargo, puros, quesos a\u00f1ejos o simplemente solo para ocasiones especiales.<\/p>\n","protected":false},"excerpt":{"rendered":"<p>750\u202fml Whisky escoc\u00e9s blended de lujo, elaborado con algunas de las maltas y granos m\u00e1s raros y a\u00f1ejos de Escocia. Reconocido por su suavidad excepcional, complejidad y acabado elegante. Es la etiqueta m\u00e1s prestigiosa de la casa Johnnie Walker. Pa\u00eds: EscociaDestiler\u00eda: Johnnie Walker (Diageo)Tipo: Blended Scotch Whisky premiumSabor: Frutas secas, miel, chocolate oscuro, roble envejecido, [&hellip;]<\/p>\n","protected":false},"featured_media":735,"comment_status":"open","ping_status":"closed","template":"","meta":[],"product_brand":[],"product_cat":[48],"product_tag":[],"class_list":{"0":"post-393","1":"product","2":"type-product","3":"status-publish","4":"has-post-thumbnail","6":"product_cat-whiskey","8":"first","9":"instock","10":"shipping-taxable","11":"purchasable","12":"product-type-simple"},"_links":{"self":[{"href":"https:\/\/espirita.store\/index.php?rest_route=\/wp\/v2\/product\/393","targetHints":{"allow":["GET"]}}],"collection":[{"href":"https:\/\/espirita.store\/index.php?rest_route=\/wp\/v2\/product"}],"about":[{"href":"https:\/\/espirita.store\/index.php?rest_route=\/wp\/v2\/types\/product"}],"replies":[{"embeddable":true,"href":"https:\/\/espirita.store\/index.php?rest_route=%2Fwp%2Fv2%2Fcomments&post=393"}],"wp:featuredmedia":[{"embeddable":true,"href":"https:\/\/espirita.store\/index.php?rest_route=\/wp\/v2\/media\/735"}],"wp:attachment":[{"href":"https:\/\/espirita.store\/index.php?rest_route=%2Fwp%2Fv2%2Fmedia&parent=393"}],"wp:term":[{"taxonomy":"product_brand","embeddable":true,"href":"https:\/\/espirita.store\/index.php?rest_route=%2Fwp%2Fv2%2Fproduct_brand&post=393"},{"taxonomy":"product_cat","embeddable":true,"href":"https:\/\/espirita.store\/index.php?rest_route=%2Fwp%2Fv2%2Fproduct_cat&post=393"},{"taxonomy":"product_tag","embeddable":true,"href":"https:\/\/espirita.store\/index.php?rest_route=%2Fwp%2Fv2%2Fproduct_tag&post=393"}],"curies":[{"name":"wp","href":"https:\/\/api.w.org\/{rel}","templated":true}]}}