{"id":321,"date":"2025-07-15T06:04:33","date_gmt":"2025-07-15T05:04:33","guid":{"rendered":"https:\/\/espirita.store\/?post_type=product&#038;p=321"},"modified":"2025-08-13T02:13:46","modified_gmt":"2025-08-13T01:13:46","slug":"zuccardi-q-chardonnay-2021","status":"publish","type":"product","link":"https:\/\/espirita.store\/?product=zuccardi-q-chardonnay-2021","title":{"rendered":"Zuccardi Q Chardonnay 2021"},"content":{"rendered":"<p style=\"text-align: center\">750\u202fml<\/p>\n<p style=\"text-align: center\">Chardonnay fermentado y criado en concreto y madera. Expresivo, fresco y de gran textura. Procedente del Valle de Uco.<\/p>\n<p style=\"text-align: center\"><strong>Pa\u00eds:<\/strong> Argentina<\/p>\n<p style=\"text-align: center\"><strong>Bodega:<\/strong> Zuccardi<\/p>\n<p style=\"text-align: center\"><strong>Tipo:<\/strong> Vino blanco Chardonnay<\/p>\n<p style=\"text-align: center\"><strong>Sabor:<\/strong> Frutas blancas, lim\u00f3n, notas minerales y sutil roble<\/p>\n<p style=\"text-align: center\"><strong>Maridajes:<\/strong><br \/>\nPescados grasos, pollo al lim\u00f3n, quesos suaves<\/p>\n","protected":false},"excerpt":{"rendered":"<p>750\u202fml Chardonnay fermentado y criado en concreto y madera. Expresivo, fresco y de gran textura. Procedente del Valle de Uco. Pa\u00eds: Argentina Bodega: Zuccardi Tipo: Vino blanco Chardonnay Sabor: Frutas blancas, lim\u00f3n, notas minerales y sutil roble Maridajes: Pescados grasos, pollo al lim\u00f3n, quesos suaves<\/p>\n","protected":false},"featured_media":340,"comment_status":"open","ping_status":"closed","template":"","meta":[],"product_brand":[],"product_cat":[30],"product_tag":[],"class_list":{"0":"post-321","1":"product","2":"type-product","3":"status-publish","4":"has-post-thumbnail","6":"product_cat-vino-blanco","8":"first","9":"instock","10":"shipping-taxable","11":"purchasable","12":"product-type-simple"},"_links":{"self":[{"href":"https:\/\/espirita.store\/index.php?rest_route=\/wp\/v2\/product\/321","targetHints":{"allow":["GET"]}}],"collection":[{"href":"https:\/\/espirita.store\/index.php?rest_route=\/wp\/v2\/product"}],"about":[{"href":"https:\/\/espirita.store\/index.php?rest_route=\/wp\/v2\/types\/product"}],"replies":[{"embeddable":true,"href":"https:\/\/espirita.store\/index.php?rest_route=%2Fwp%2Fv2%2Fcomments&post=321"}],"wp:featuredmedia":[{"embeddable":true,"href":"https:\/\/espirita.store\/index.php?rest_route=\/wp\/v2\/media\/340"}],"wp:attachment":[{"href":"https:\/\/espirita.store\/index.php?rest_route=%2Fwp%2Fv2%2Fmedia&parent=321"}],"wp:term":[{"taxonomy":"product_brand","embeddable":true,"href":"https:\/\/espirita.store\/index.php?rest_route=%2Fwp%2Fv2%2Fproduct_brand&post=321"},{"taxonomy":"product_cat","embeddable":true,"href":"https:\/\/espirita.store\/index.php?rest_route=%2Fwp%2Fv2%2Fproduct_cat&post=321"},{"taxonomy":"product_tag","embeddable":true,"href":"https:\/\/espirita.store\/index.php?rest_route=%2Fwp%2Fv2%2Fproduct_tag&post=321"}],"curies":[{"name":"wp","href":"https:\/\/api.w.org\/{rel}","templated":true}]}}