{"id":305,"date":"2025-07-15T04:52:54","date_gmt":"2025-07-15T03:52:54","guid":{"rendered":"https:\/\/espirita.store\/?post_type=product&#038;p=305"},"modified":"2025-09-04T21:55:31","modified_gmt":"2025-09-04T20:55:31","slug":"goldschlager-cinnamon-liqueur","status":"publish","type":"product","link":"https:\/\/espirita.store\/?product=goldschlager-cinnamon-liqueur","title":{"rendered":"Goldschl\u00e4ger Cinnamon Liqueur"},"content":{"rendered":"<p style=\"text-align: center\">50\u202fml<\/p>\n<p style=\"text-align: center\">Licor suizo de canela con aut\u00e9nticas hojuelas de oro de 24\u202fk. Famoso por su intensidad y estilo llamativo.<\/p>\n<p style=\"text-align: center\"><strong>Pa\u00eds:<\/strong> Suiza<\/p>\n<p style=\"text-align: center\"><strong>Marca:<\/strong> Goldschl\u00e4ger<\/p>\n<p style=\"text-align: center\"><strong>Tipo:<\/strong> Licor de canela<\/p>\n<p style=\"text-align: center\"><strong>Sabor:<\/strong> Canela picante con dulzor especiado y c\u00e1lido<\/p>\n<p style=\"text-align: center\"><strong>Maridajes:<\/strong><br \/>\nPostres con manzana, churros, pastel de especias<\/p>\n","protected":false},"excerpt":{"rendered":"<p>50\u202fml Licor suizo de canela con aut\u00e9nticas hojuelas de oro de 24\u202fk. Famoso por su intensidad y estilo llamativo. Pa\u00eds: Suiza Marca: Goldschl\u00e4ger Tipo: Licor de canela Sabor: Canela picante con dulzor especiado y c\u00e1lido Maridajes: Postres con manzana, churros, pastel de especias<\/p>\n","protected":false},"featured_media":936,"comment_status":"open","ping_status":"closed","template":"","meta":[],"product_brand":[],"product_cat":[41],"product_tag":[],"class_list":{"0":"post-305","1":"product","2":"type-product","3":"status-publish","4":"has-post-thumbnail","6":"product_cat-licor-saborizado","8":"first","9":"instock","10":"shipping-taxable","11":"purchasable","12":"product-type-simple"},"_links":{"self":[{"href":"https:\/\/espirita.store\/index.php?rest_route=\/wp\/v2\/product\/305","targetHints":{"allow":["GET"]}}],"collection":[{"href":"https:\/\/espirita.store\/index.php?rest_route=\/wp\/v2\/product"}],"about":[{"href":"https:\/\/espirita.store\/index.php?rest_route=\/wp\/v2\/types\/product"}],"replies":[{"embeddable":true,"href":"https:\/\/espirita.store\/index.php?rest_route=%2Fwp%2Fv2%2Fcomments&post=305"}],"wp:featuredmedia":[{"embeddable":true,"href":"https:\/\/espirita.store\/index.php?rest_route=\/wp\/v2\/media\/936"}],"wp:attachment":[{"href":"https:\/\/espirita.store\/index.php?rest_route=%2Fwp%2Fv2%2Fmedia&parent=305"}],"wp:term":[{"taxonomy":"product_brand","embeddable":true,"href":"https:\/\/espirita.store\/index.php?rest_route=%2Fwp%2Fv2%2Fproduct_brand&post=305"},{"taxonomy":"product_cat","embeddable":true,"href":"https:\/\/espirita.store\/index.php?rest_route=%2Fwp%2Fv2%2Fproduct_cat&post=305"},{"taxonomy":"product_tag","embeddable":true,"href":"https:\/\/espirita.store\/index.php?rest_route=%2Fwp%2Fv2%2Fproduct_tag&post=305"}],"curies":[{"name":"wp","href":"https:\/\/api.w.org\/{rel}","templated":true}]}}