{"id":297,"date":"2025-07-14T10:08:41","date_gmt":"2025-07-14T09:08:41","guid":{"rendered":"https:\/\/espirita.store\/?post_type=product&#038;p=297"},"modified":"2025-09-04T22:40:35","modified_gmt":"2025-09-04T21:40:35","slug":"familia-camarena-silver-tequila","status":"publish","type":"product","link":"https:\/\/espirita.store\/?product=familia-camarena-silver-tequila","title":{"rendered":"Familia Camarena Silver Tequila"},"content":{"rendered":"<p style=\"text-align: center\">50 ML<\/p>\n<p style=\"text-align: center\">Destilado con agave azul 100\u202f% cultivado a mano. No pasa por barrica, conservando un sabor limpio y fresco ideal para c\u00f3cteles o para tomar solo.<\/p>\n<p style=\"text-align: center\"><strong>Pa\u00eds:<\/strong> M\u00e9xico<\/p>\n<p style=\"text-align: center\"><strong>Marca:<\/strong> Familia Camarena<\/p>\n<p style=\"text-align: center\"><strong>Tipo:<\/strong> Tequila blanco (silver)<\/p>\n<p style=\"text-align: center\"><strong>Sabor:<\/strong> Agave dulce, hierbas frescas y un toque c\u00edtrico<\/p>\n<p style=\"text-align: center\"><strong>Maridajes:<\/strong><\/p>\n<p style=\"text-align: center\">Ceviche, mariscos, frutas tropicales, ensaladas frescas<\/p>\n","protected":false},"excerpt":{"rendered":"<p>50 ML Destilado con agave azul 100\u202f% cultivado a mano. No pasa por barrica, conservando un sabor limpio y fresco ideal para c\u00f3cteles o para tomar solo. Pa\u00eds: M\u00e9xico Marca: Familia Camarena Tipo: Tequila blanco (silver) Sabor: Agave dulce, hierbas frescas y un toque c\u00edtrico Maridajes: Ceviche, mariscos, frutas tropicales, ensaladas frescas<\/p>\n","protected":false},"featured_media":945,"comment_status":"open","ping_status":"closed","template":"","meta":[],"product_brand":[],"product_cat":[57],"product_tag":[],"class_list":{"0":"post-297","1":"product","2":"type-product","3":"status-publish","4":"has-post-thumbnail","6":"product_cat-tequila","8":"first","9":"instock","10":"shipping-taxable","11":"purchasable","12":"product-type-simple"},"_links":{"self":[{"href":"https:\/\/espirita.store\/index.php?rest_route=\/wp\/v2\/product\/297","targetHints":{"allow":["GET"]}}],"collection":[{"href":"https:\/\/espirita.store\/index.php?rest_route=\/wp\/v2\/product"}],"about":[{"href":"https:\/\/espirita.store\/index.php?rest_route=\/wp\/v2\/types\/product"}],"replies":[{"embeddable":true,"href":"https:\/\/espirita.store\/index.php?rest_route=%2Fwp%2Fv2%2Fcomments&post=297"}],"wp:featuredmedia":[{"embeddable":true,"href":"https:\/\/espirita.store\/index.php?rest_route=\/wp\/v2\/media\/945"}],"wp:attachment":[{"href":"https:\/\/espirita.store\/index.php?rest_route=%2Fwp%2Fv2%2Fmedia&parent=297"}],"wp:term":[{"taxonomy":"product_brand","embeddable":true,"href":"https:\/\/espirita.store\/index.php?rest_route=%2Fwp%2Fv2%2Fproduct_brand&post=297"},{"taxonomy":"product_cat","embeddable":true,"href":"https:\/\/espirita.store\/index.php?rest_route=%2Fwp%2Fv2%2Fproduct_cat&post=297"},{"taxonomy":"product_tag","embeddable":true,"href":"https:\/\/espirita.store\/index.php?rest_route=%2Fwp%2Fv2%2Fproduct_tag&post=297"}],"curies":[{"name":"wp","href":"https:\/\/api.w.org\/{rel}","templated":true}]}}