{"id":238,"date":"2024-07-11T15:09:23","date_gmt":"2024-07-11T14:09:23","guid":{"rendered":"https:\/\/espirita.store\/?post_type=product&#038;p=238"},"modified":"2025-08-29T21:10:02","modified_gmt":"2025-08-29T20:10:02","slug":"stella-rosa-moscato-dasti","status":"publish","type":"product","link":"https:\/\/espirita.store\/?product=stella-rosa-moscato-dasti","title":{"rendered":"Stella Rosa Moscato D&#8217;Asti"},"content":{"rendered":"<p style=\"text-align: center\" data-start=\"203\" data-end=\"235\">750\u202fml<\/p>\n<p style=\"text-align: center\">Vino blanco espumoso italiano, elaborado con uvas Moscato de la regi\u00f3n de Asti, Piamonte. Es dulce, ligero y naturalmente espumoso, ideal para quienes disfrutan vinos suaves, arom\u00e1ticos y refrescantes.<\/p>\n<p style=\"text-align: center\" data-start=\"498\" data-end=\"516\"><strong data-start=\"498\" data-end=\"507\">Pa\u00eds:<\/strong> Italia<\/p>\n<p style=\"text-align: center\" data-start=\"519\" data-end=\"569\"><strong data-start=\"519\" data-end=\"530\">Bodega:<\/strong> Stella Rosa (by Riboli Family Wines)<\/p>\n<p style=\"text-align: center\" data-start=\"572\" data-end=\"626\"><strong data-start=\"572\" data-end=\"581\">Tipo:<\/strong> Vino blanco espumoso (Moscato D\u2019Asti DOCG)<\/p>\n<p style=\"text-align: center\" data-start=\"629\" data-end=\"718\"><strong data-start=\"629\" data-end=\"639\">Sabor:<\/strong> Notas de durazno, flor de azahar y miel, con burbujas finas y dulzor natural<\/p>\n<p style=\"text-align: center\" data-start=\"721\" data-end=\"772\"><strong data-start=\"721\" data-end=\"747\">Graduaci\u00f3n alcoh\u00f3lica:<\/strong> Aproximadamente 5.5% ABV<\/p>\n<p style=\"text-align: center\"><strong data-start=\"774\" data-end=\"788\">Maridajes:<\/strong><br data-start=\"788\" data-end=\"791\" \/>Frutas frescas, quesos suaves, postres ligeros, pasteles de fruta o como vino de postre.<\/p>\n","protected":false},"excerpt":{"rendered":"<p>750\u202fml Vino blanco espumoso italiano, elaborado con uvas Moscato de la regi\u00f3n de Asti, Piamonte. Es dulce, ligero y naturalmente espumoso, ideal para quienes disfrutan vinos suaves, arom\u00e1ticos y refrescantes. Pa\u00eds: Italia Bodega: Stella Rosa (by Riboli Family Wines) Tipo: Vino blanco espumoso (Moscato D\u2019Asti DOCG) Sabor: Notas de durazno, flor de azahar y miel, [&hellip;]<\/p>\n","protected":false},"featured_media":224,"comment_status":"open","ping_status":"closed","template":"","meta":[],"product_brand":[],"product_cat":[30],"product_tag":[],"class_list":{"0":"post-238","1":"product","2":"type-product","3":"status-publish","4":"has-post-thumbnail","6":"product_cat-vino-blanco","8":"first","9":"instock","10":"shipping-taxable","11":"purchasable","12":"product-type-simple"},"_links":{"self":[{"href":"https:\/\/espirita.store\/index.php?rest_route=\/wp\/v2\/product\/238","targetHints":{"allow":["GET"]}}],"collection":[{"href":"https:\/\/espirita.store\/index.php?rest_route=\/wp\/v2\/product"}],"about":[{"href":"https:\/\/espirita.store\/index.php?rest_route=\/wp\/v2\/types\/product"}],"replies":[{"embeddable":true,"href":"https:\/\/espirita.store\/index.php?rest_route=%2Fwp%2Fv2%2Fcomments&post=238"}],"wp:featuredmedia":[{"embeddable":true,"href":"https:\/\/espirita.store\/index.php?rest_route=\/wp\/v2\/media\/224"}],"wp:attachment":[{"href":"https:\/\/espirita.store\/index.php?rest_route=%2Fwp%2Fv2%2Fmedia&parent=238"}],"wp:term":[{"taxonomy":"product_brand","embeddable":true,"href":"https:\/\/espirita.store\/index.php?rest_route=%2Fwp%2Fv2%2Fproduct_brand&post=238"},{"taxonomy":"product_cat","embeddable":true,"href":"https:\/\/espirita.store\/index.php?rest_route=%2Fwp%2Fv2%2Fproduct_cat&post=238"},{"taxonomy":"product_tag","embeddable":true,"href":"https:\/\/espirita.store\/index.php?rest_route=%2Fwp%2Fv2%2Fproduct_tag&post=238"}],"curies":[{"name":"wp","href":"https:\/\/api.w.org\/{rel}","templated":true}]}}