{"id":1107,"date":"2025-10-29T14:28:28","date_gmt":"2025-10-29T14:28:28","guid":{"rendered":"https:\/\/espirita.store\/?post_type=product&#038;p=1107"},"modified":"2026-01-17T22:15:28","modified_gmt":"2026-01-17T22:15:28","slug":"sera-fiore-blueberry","status":"publish","type":"product","link":"https:\/\/espirita.store\/?product=sera-fiore-blueberry","title":{"rendered":"Sera Fiore Blueberry"},"content":{"rendered":"<p style=\"text-align: center\"><strong data-start=\"211\" data-end=\"230\">Pa\u00eds de origen:<\/strong> Moldavia<br data-start=\"239\" data-end=\"242\" \/><strong data-start=\"242\" data-end=\"264\">Marca \/ Productor:<\/strong> Sera Fiore \/ Suvorov-Vin<br data-start=\"289\" data-end=\"292\" \/><strong data-start=\"292\" data-end=\"301\">Tipo:<\/strong> Vino de licor saborizado con ar\u00e1ndano<br data-start=\"339\" data-end=\"342\" \/><strong data-start=\"342\" data-end=\"368\" data-is-only-node=\"\">Graduaci\u00f3n alcoh\u00f3lica:<\/strong> 16 % vol.<br data-start=\"378\" data-end=\"381\" \/><strong data-start=\"381\" data-end=\"398\">Presentaci\u00f3n:<\/strong> Botella de 750 ml<br data-start=\"416\" data-end=\"419\" \/><strong data-start=\"419\" data-end=\"442\">Color \/ Apariencia:<\/strong> Rojo viol\u00e1ceo intenso con matices azulados<br data-start=\"485\" data-end=\"488\" \/><strong data-start=\"488\" data-end=\"509\">Aromas y Sabores:<\/strong> Destacan notas dulces y afrutadas de ar\u00e1ndano maduro, grosella y un ligero toque floral<br data-start=\"597\" data-end=\"600\" \/><strong data-start=\"600\" data-end=\"621\">Modo de servicio:<\/strong> Servir fr\u00edo o con hielo<\/p>\n<p style=\"text-align: center\">Sera Fiore Blueberry es un vino dulce fortificado elaborado a base de vino blanco y extractos naturales de ar\u00e1ndano. Su perfil combina frescura y dulzura equilibrada, ofreciendo una experiencia suave y arom\u00e1tica ideal para quienes disfrutan sabores frutales intensos.<\/p>\n<p style=\"text-align: center\"><strong data-start=\"949\" data-end=\"973\">Maridajes sugeridos:<\/strong><\/p>\n<p style=\"text-align: center\" data-start=\"978\" data-end=\"1017\">Postres con chocolate o frutos rojos.<\/p>\n<p style=\"text-align: center\" data-start=\"1020\" data-end=\"1060\">Quesos cremosos o ligeramente salados.<\/p>\n<p style=\"text-align: center\" data-start=\"1063\" data-end=\"1116\">Tartas de frutas, muffins o cheesecake de ar\u00e1ndano.<\/p>\n<p style=\"text-align: center\" data-start=\"1119\" data-end=\"1158\">Frutas frescas: moras, fresas o uvas.<\/p>\n<p style=\"text-align: center\" data-start=\"1161\" data-end=\"1237\">Puede servirse tambi\u00e9n como base para c\u00f3cteles o bebidas espumosas dulces.<\/p>\n","protected":false},"excerpt":{"rendered":"<p>Pa\u00eds de origen: MoldaviaMarca \/ Productor: Sera Fiore \/ Suvorov-VinTipo: Vino de licor saborizado con ar\u00e1ndanoGraduaci\u00f3n alcoh\u00f3lica: 16 % vol.Presentaci\u00f3n: Botella de 750 mlColor \/ Apariencia: Rojo viol\u00e1ceo intenso con matices azuladosAromas y Sabores: Destacan notas dulces y afrutadas de ar\u00e1ndano maduro, grosella y un ligero toque floralModo de servicio: Servir fr\u00edo o con hielo [&hellip;]<\/p>\n","protected":false},"featured_media":1108,"comment_status":"open","ping_status":"closed","template":"","meta":[],"product_brand":[],"product_cat":[31],"product_tag":[],"class_list":{"0":"post-1107","1":"product","2":"type-product","3":"status-publish","4":"has-post-thumbnail","6":"product_cat-vino-tinto","8":"first","9":"instock","10":"shipping-taxable","11":"purchasable","12":"product-type-simple"},"_links":{"self":[{"href":"https:\/\/espirita.store\/index.php?rest_route=\/wp\/v2\/product\/1107","targetHints":{"allow":["GET"]}}],"collection":[{"href":"https:\/\/espirita.store\/index.php?rest_route=\/wp\/v2\/product"}],"about":[{"href":"https:\/\/espirita.store\/index.php?rest_route=\/wp\/v2\/types\/product"}],"replies":[{"embeddable":true,"href":"https:\/\/espirita.store\/index.php?rest_route=%2Fwp%2Fv2%2Fcomments&post=1107"}],"wp:featuredmedia":[{"embeddable":true,"href":"https:\/\/espirita.store\/index.php?rest_route=\/wp\/v2\/media\/1108"}],"wp:attachment":[{"href":"https:\/\/espirita.store\/index.php?rest_route=%2Fwp%2Fv2%2Fmedia&parent=1107"}],"wp:term":[{"taxonomy":"product_brand","embeddable":true,"href":"https:\/\/espirita.store\/index.php?rest_route=%2Fwp%2Fv2%2Fproduct_brand&post=1107"},{"taxonomy":"product_cat","embeddable":true,"href":"https:\/\/espirita.store\/index.php?rest_route=%2Fwp%2Fv2%2Fproduct_cat&post=1107"},{"taxonomy":"product_tag","embeddable":true,"href":"https:\/\/espirita.store\/index.php?rest_route=%2Fwp%2Fv2%2Fproduct_tag&post=1107"}],"curies":[{"name":"wp","href":"https:\/\/api.w.org\/{rel}","templated":true}]}}