{"id":1090,"date":"2025-10-07T20:57:41","date_gmt":"2025-10-07T19:57:41","guid":{"rendered":"https:\/\/espirita.store\/?post_type=product&#038;p=1090"},"modified":"2025-10-17T23:16:51","modified_gmt":"2025-10-17T22:16:51","slug":"roberto-cavalli-vodka-nero","status":"publish","type":"product","link":"https:\/\/espirita.store\/?product=roberto-cavalli-vodka-nero","title":{"rendered":"Roberto Cavalli Vodka Negro"},"content":{"rendered":"<p style=\"text-align: center\" data-start=\"489\" data-end=\"538\"><strong data-start=\"489\" data-end=\"503\">Categor\u00eda:<\/strong> Vodka Premium \/ Edici\u00f3n Especial<\/p>\n<p style=\"text-align: center\" data-start=\"541\" data-end=\"568\"><strong data-start=\"541\" data-end=\"559\">Pa\u00eds \/ Regi\u00f3n:<\/strong> Italia<\/p>\n<p style=\"text-align: center\" data-start=\"571\" data-end=\"594\"><strong data-start=\"571\" data-end=\"584\">Cantidad:<\/strong> 1 litro<\/p>\n<p style=\"text-align: center\" data-start=\"598\" data-end=\"625\"><strong data-start=\"598\" data-end=\"623\">Productos destacados:<\/strong><\/p>\n<p style=\"text-align: center\" data-start=\"630\" data-end=\"696\">Versi\u00f3n <strong data-start=\"638\" data-end=\"658\">edici\u00f3n limitada<\/strong> del vodka original Roberto Cavalli.<\/p>\n<p style=\"text-align: center\" data-start=\"701\" data-end=\"782\">Se presenta en una <strong data-start=\"720\" data-end=\"742\">botella negra mate<\/strong>, s\u00edmbolo de elegancia y exclusividad.<\/p>\n<p style=\"text-align: center\" data-start=\"787\" data-end=\"853\">Elaborado con <strong data-start=\"801\" data-end=\"821\">granos italianos<\/strong> y <strong data-start=\"824\" data-end=\"850\">agua pura de los Alpes<\/strong>.<\/p>\n<p style=\"text-align: center\" data-start=\"858\" data-end=\"944\">Destilado varias veces para obtener una textura ultra suave y un perfil m\u00e1s intenso.<\/p>\n<p style=\"text-align: center\" data-start=\"949\" data-end=\"1000\">Dirigido a consumidores premium y coleccionistas.<\/p>\n<p style=\"text-align: center\" data-start=\"1004\" data-end=\"1420\"><br data-start=\"1029\" data-end=\"1032\" \/>Roberto Cavalli Vodka Nero ofrece un sabor m\u00e1s robusto que la versi\u00f3n cl\u00e1sica. Es transparente y cristalino, con aroma limpio y sutil a cereal y un ligero toque mineral. En boca es sedoso, equilibrado y de final prolongado, con notas suaves y un retrogusto ligeramente especiado. Su estilo refinado lo convierte en un vodka ideal tanto para degustar solo como para cocteler\u00eda de lujo.<\/p>\n<p style=\"text-align: center\" data-start=\"1424\" data-end=\"1451\"><strong data-start=\"1424\" data-end=\"1449\">Maridaje recomendado:<\/strong><\/p>\n<p style=\"text-align: center\" data-start=\"1456\" data-end=\"1504\"><strong data-start=\"1456\" data-end=\"1476\">Solo o con hielo<\/strong>, para apreciar su pureza.<\/p>\n<p style=\"text-align: center\" data-start=\"1509\" data-end=\"1581\">C\u00f3cteles sofisticados: Black Martini, Vodka Sour, Vodka Tonic premium.<\/p>\n<p style=\"text-align: center\" data-start=\"1586\" data-end=\"1643\">Aperitivos: ostras, carpaccio, sushi, mariscos frescos.<\/p>\n<p style=\"text-align: center\" data-start=\"1648\" data-end=\"1703\">Postres finos: tiramis\u00fa, panna cotta, tartas ligeras.<\/p>\n<p style=\"text-align: center\" data-start=\"1708\" data-end=\"1785\">Ideal para eventos nocturnos, cocteler\u00eda elegante o colecciones exclusivas.<\/p>\n","protected":false},"excerpt":{"rendered":"<p>Categor\u00eda: Vodka Premium \/ Edici\u00f3n Especial Pa\u00eds \/ Regi\u00f3n: Italia Cantidad: 1 litro Productos destacados: Versi\u00f3n edici\u00f3n limitada del vodka original Roberto Cavalli. Se presenta en una botella negra mate, s\u00edmbolo de elegancia y exclusividad. Elaborado con granos italianos y agua pura de los Alpes. Destilado varias veces para obtener una textura ultra suave y [&hellip;]<\/p>\n","protected":false},"featured_media":1071,"comment_status":"open","ping_status":"closed","template":"","meta":[],"product_brand":[],"product_cat":[40],"product_tag":[],"class_list":{"0":"post-1090","1":"product","2":"type-product","3":"status-publish","4":"has-post-thumbnail","6":"product_cat-vodka","8":"first","9":"instock","10":"shipping-taxable","11":"purchasable","12":"product-type-simple"},"_links":{"self":[{"href":"https:\/\/espirita.store\/index.php?rest_route=\/wp\/v2\/product\/1090","targetHints":{"allow":["GET"]}}],"collection":[{"href":"https:\/\/espirita.store\/index.php?rest_route=\/wp\/v2\/product"}],"about":[{"href":"https:\/\/espirita.store\/index.php?rest_route=\/wp\/v2\/types\/product"}],"replies":[{"embeddable":true,"href":"https:\/\/espirita.store\/index.php?rest_route=%2Fwp%2Fv2%2Fcomments&post=1090"}],"wp:featuredmedia":[{"embeddable":true,"href":"https:\/\/espirita.store\/index.php?rest_route=\/wp\/v2\/media\/1071"}],"wp:attachment":[{"href":"https:\/\/espirita.store\/index.php?rest_route=%2Fwp%2Fv2%2Fmedia&parent=1090"}],"wp:term":[{"taxonomy":"product_brand","embeddable":true,"href":"https:\/\/espirita.store\/index.php?rest_route=%2Fwp%2Fv2%2Fproduct_brand&post=1090"},{"taxonomy":"product_cat","embeddable":true,"href":"https:\/\/espirita.store\/index.php?rest_route=%2Fwp%2Fv2%2Fproduct_cat&post=1090"},{"taxonomy":"product_tag","embeddable":true,"href":"https:\/\/espirita.store\/index.php?rest_route=%2Fwp%2Fv2%2Fproduct_tag&post=1090"}],"curies":[{"name":"wp","href":"https:\/\/api.w.org\/{rel}","templated":true}]}}