{"id":1079,"date":"2025-10-04T17:19:46","date_gmt":"2025-10-04T16:19:46","guid":{"rendered":"https:\/\/espirita.store\/?post_type=product&#038;p=1079"},"modified":"2026-01-17T20:16:39","modified_gmt":"2026-01-17T20:16:39","slug":"stella-rosa-moscato-rose-dolce","status":"publish","type":"product","link":"https:\/\/espirita.store\/?product=stella-rosa-moscato-rose-dolce","title":{"rendered":"Stella Rosa Moscato Ros\u00e9 Dolce"},"content":{"rendered":"<p style=\"text-align: center\" data-start=\"169\" data-end=\"222\"><strong data-start=\"169\" data-end=\"183\">Categor\u00eda:<\/strong> Vino Espumoso Rosado (Moscato Dulce)<\/p>\n<p style=\"text-align: center\" data-start=\"225\" data-end=\"263\"><strong data-start=\"225\" data-end=\"243\">Pa\u00eds \/ Regi\u00f3n:<\/strong> Italia \u2013 Piamonte<\/p>\n<p style=\"text-align: center\" data-start=\"292\" data-end=\"319\"><strong data-start=\"292\" data-end=\"317\">Productos destacados:<\/strong><\/p>\n<p style=\"text-align: center\" data-start=\"324\" data-end=\"373\">Perfil <strong data-start=\"331\" data-end=\"348\">dulce (Dolce)<\/strong>, ligeramente espumoso.<\/p>\n<p style=\"text-align: center\" data-start=\"378\" data-end=\"441\">Uvas <strong data-start=\"383\" data-end=\"394\">Moscato<\/strong> con selecci\u00f3n de uvas rosadas para el color.<\/p>\n<p style=\"text-align: center\" data-start=\"446\" data-end=\"520\">Bajo contenido alcoh\u00f3lico, ideal para consumo casual y maridajes dulces.<\/p>\n<p style=\"text-align: center\" data-start=\"525\" data-end=\"622\">Parte de la l\u00ednea frutal y arom\u00e1tica de Stella Rosa, muy popular en cocteler\u00eda y celebraciones.<\/p>\n<p style=\"text-align: center\" data-start=\"626\" data-end=\"970\">Este vino presenta un color rosa p\u00e1lido brillante con burbuja sutil. En nariz destacan notas de frambuesa, fresa madura, flor de azahar y toques de melocot\u00f3n. En boca es dulce, refrescante y ligeramente burbujeante, con final suave y frutal. Perfecto para quienes prefieren espumosos de perfil dulce y arom\u00e1tico.<\/p>\n<p style=\"text-align: center\" data-start=\"974\" data-end=\"1001\"><strong data-start=\"974\" data-end=\"999\">Maridaje recomendado:<\/strong><\/p>\n<p style=\"text-align: center\" data-start=\"1006\" data-end=\"1077\">Postres: cheesecake, tartaletas de frutas, mousse de fresa, tiramis\u00fa.<\/p>\n<p style=\"text-align: center\" data-start=\"1082\" data-end=\"1136\">Frutas frescas: fresas, uvas, durazno, frutos rojos.<\/p>\n<p style=\"text-align: center\" data-start=\"1141\" data-end=\"1195\">Quesos suaves o cremosos: brie, mascarpone, ricotta.<\/p>\n<p style=\"text-align: center\" data-start=\"1200\" data-end=\"1264\">Aperitivos ligeros: macarons, galletas de almendra, pan dulce.<\/p>\n<p style=\"text-align: center\" data-start=\"1269\" data-end=\"1344\">Ideal tambi\u00e9n como vino de celebraci\u00f3n, c\u00f3cteles o acompa\u00f1ante de brunch.<\/p>\n","protected":false},"excerpt":{"rendered":"<p>Categor\u00eda: Vino Espumoso Rosado (Moscato Dulce) Pa\u00eds \/ Regi\u00f3n: Italia \u2013 Piamonte Productos destacados: Perfil dulce (Dolce), ligeramente espumoso. Uvas Moscato con selecci\u00f3n de uvas rosadas para el color. Bajo contenido alcoh\u00f3lico, ideal para consumo casual y maridajes dulces. Parte de la l\u00ednea frutal y arom\u00e1tica de Stella Rosa, muy popular en cocteler\u00eda y celebraciones. [&hellip;]<\/p>\n","protected":false},"featured_media":1063,"comment_status":"open","ping_status":"closed","template":"","meta":[],"product_brand":[],"product_cat":[32],"product_tag":[],"class_list":{"0":"post-1079","1":"product","2":"type-product","3":"status-publish","4":"has-post-thumbnail","6":"product_cat-espumoso","8":"first","9":"instock","10":"shipping-taxable","11":"purchasable","12":"product-type-simple"},"_links":{"self":[{"href":"https:\/\/espirita.store\/index.php?rest_route=\/wp\/v2\/product\/1079","targetHints":{"allow":["GET"]}}],"collection":[{"href":"https:\/\/espirita.store\/index.php?rest_route=\/wp\/v2\/product"}],"about":[{"href":"https:\/\/espirita.store\/index.php?rest_route=\/wp\/v2\/types\/product"}],"replies":[{"embeddable":true,"href":"https:\/\/espirita.store\/index.php?rest_route=%2Fwp%2Fv2%2Fcomments&post=1079"}],"wp:featuredmedia":[{"embeddable":true,"href":"https:\/\/espirita.store\/index.php?rest_route=\/wp\/v2\/media\/1063"}],"wp:attachment":[{"href":"https:\/\/espirita.store\/index.php?rest_route=%2Fwp%2Fv2%2Fmedia&parent=1079"}],"wp:term":[{"taxonomy":"product_brand","embeddable":true,"href":"https:\/\/espirita.store\/index.php?rest_route=%2Fwp%2Fv2%2Fproduct_brand&post=1079"},{"taxonomy":"product_cat","embeddable":true,"href":"https:\/\/espirita.store\/index.php?rest_route=%2Fwp%2Fv2%2Fproduct_cat&post=1079"},{"taxonomy":"product_tag","embeddable":true,"href":"https:\/\/espirita.store\/index.php?rest_route=%2Fwp%2Fv2%2Fproduct_tag&post=1079"}],"curies":[{"name":"wp","href":"https:\/\/api.w.org\/{rel}","templated":true}]}}