{"id":1059,"date":"2025-10-04T00:14:07","date_gmt":"2025-10-03T23:14:07","guid":{"rendered":"https:\/\/espirita.store\/?post_type=product&#038;p=1059"},"modified":"2025-10-17T23:34:12","modified_gmt":"2025-10-17T22:34:12","slug":"stella-rosa-sparkling-prosecco-doc","status":"publish","type":"product","link":"https:\/\/espirita.store\/?product=stella-rosa-sparkling-prosecco-doc","title":{"rendered":"Stella Rosa Sparkling Prosecco DOC"},"content":{"rendered":"<p style=\"text-align: center\" data-start=\"188\" data-end=\"233\"><strong data-start=\"188\" data-end=\"202\">Categor\u00eda:<\/strong> Vino Espumoso (Prosecco DOC)<\/p>\n<p style=\"text-align: center\" data-start=\"236\" data-end=\"272\"><strong data-start=\"236\" data-end=\"254\">Pa\u00eds \/ Regi\u00f3n:<\/strong> Italia \u2013 V\u00e9neto<\/p>\n<p style=\"text-align: center\" data-start=\"275\" data-end=\"297\"><strong data-start=\"275\" data-end=\"288\">Cantidad:<\/strong> 750 ml<\/p>\n<p style=\"text-align: center\" data-start=\"300\" data-end=\"327\"><strong data-start=\"300\" data-end=\"325\">Productos destacados:<\/strong><\/p>\n<p style=\"text-align: center\" data-start=\"332\" data-end=\"404\">Elaborado bajo la denominaci\u00f3n de origen controlada (DOC) de Prosecco.<\/p>\n<p style=\"text-align: center\" data-start=\"409\" data-end=\"436\">Uva principal: <strong data-start=\"424\" data-end=\"433\">Glera<\/strong>.<\/p>\n<p style=\"text-align: center\" data-start=\"441\" data-end=\"490\">Estilo <strong data-start=\"448\" data-end=\"456\">brut<\/strong> con burbuja fina y refrescante.<\/p>\n<p style=\"text-align: center\" data-start=\"495\" data-end=\"615\">Parte de la l\u00ednea espumosa premium de <strong data-start=\"533\" data-end=\"548\">Stella Rosa<\/strong>, marca conocida por sus vinos de perfil frutal y f\u00e1cil de beber.<\/p>\n<p style=\"text-align: center\" data-start=\"619\" data-end=\"1042\"><br data-start=\"644\" data-end=\"647\" \/>Este prosecco combina tradici\u00f3n italiana con el toque distintivo de Stella Rosa. Presenta un color amarillo p\u00e1lido brillante con reflejos verdosos, burbuja persistente y aromas a manzana verde, pera fresca, melocot\u00f3n blanco y notas florales. En boca es ligero, fresco y equilibrado, con acidez vibrante y final delicadamente frutal. Ideal para quienes buscan un espumoso vers\u00e1til y elegante.<\/p>\n<p style=\"text-align: center\" data-start=\"1046\" data-end=\"1073\"><strong data-start=\"1046\" data-end=\"1071\">Maridaje recomendado:<\/strong><\/p>\n<p style=\"text-align: center\" data-start=\"1078\" data-end=\"1141\">Entradas ligeras: carpaccios, ensaladas frescas, bruschettas.<\/p>\n<p style=\"text-align: center\" data-start=\"1146\" data-end=\"1196\">Mariscos y pescados: ostras, camarones, ceviche.<\/p>\n<p style=\"text-align: center\" data-start=\"1201\" data-end=\"1269\">Platos principales: pastas con salsas suaves, risotto de mariscos.<\/p>\n<p style=\"text-align: center\" data-start=\"1274\" data-end=\"1322\">Postres: frutas frescas, tartaletas, macarons.<\/p>\n<p style=\"text-align: center\" data-start=\"1327\" data-end=\"1386\">Tambi\u00e9n perfecto como <strong data-start=\"1349\" data-end=\"1362\">aperitivo<\/strong> o para celebraciones.<\/p>\n","protected":false},"excerpt":{"rendered":"<p>Categor\u00eda: Vino Espumoso (Prosecco DOC) Pa\u00eds \/ Regi\u00f3n: Italia \u2013 V\u00e9neto Cantidad: 750 ml Productos destacados: Elaborado bajo la denominaci\u00f3n de origen controlada (DOC) de Prosecco. Uva principal: Glera. Estilo brut con burbuja fina y refrescante. Parte de la l\u00ednea espumosa premium de Stella Rosa, marca conocida por sus vinos de perfil frutal y f\u00e1cil [&hellip;]<\/p>\n","protected":false},"featured_media":1060,"comment_status":"open","ping_status":"closed","template":"","meta":[],"product_brand":[],"product_cat":[32],"product_tag":[],"class_list":{"0":"post-1059","1":"product","2":"type-product","3":"status-publish","4":"has-post-thumbnail","6":"product_cat-espumoso","8":"first","9":"instock","10":"shipping-taxable","11":"purchasable","12":"product-type-simple"},"_links":{"self":[{"href":"https:\/\/espirita.store\/index.php?rest_route=\/wp\/v2\/product\/1059","targetHints":{"allow":["GET"]}}],"collection":[{"href":"https:\/\/espirita.store\/index.php?rest_route=\/wp\/v2\/product"}],"about":[{"href":"https:\/\/espirita.store\/index.php?rest_route=\/wp\/v2\/types\/product"}],"replies":[{"embeddable":true,"href":"https:\/\/espirita.store\/index.php?rest_route=%2Fwp%2Fv2%2Fcomments&post=1059"}],"wp:featuredmedia":[{"embeddable":true,"href":"https:\/\/espirita.store\/index.php?rest_route=\/wp\/v2\/media\/1060"}],"wp:attachment":[{"href":"https:\/\/espirita.store\/index.php?rest_route=%2Fwp%2Fv2%2Fmedia&parent=1059"}],"wp:term":[{"taxonomy":"product_brand","embeddable":true,"href":"https:\/\/espirita.store\/index.php?rest_route=%2Fwp%2Fv2%2Fproduct_brand&post=1059"},{"taxonomy":"product_cat","embeddable":true,"href":"https:\/\/espirita.store\/index.php?rest_route=%2Fwp%2Fv2%2Fproduct_cat&post=1059"},{"taxonomy":"product_tag","embeddable":true,"href":"https:\/\/espirita.store\/index.php?rest_route=%2Fwp%2Fv2%2Fproduct_tag&post=1059"}],"curies":[{"name":"wp","href":"https:\/\/api.w.org\/{rel}","templated":true}]}}